CRAN Package Check Results for Package rotl

Last updated on 2021-07-30 23:51:58 CEST.

Flavor Version Tinstall Tcheck Ttotal Status Flags
r-devel-linux-x86_64-debian-clang 3.0.11 NOTE
r-devel-linux-x86_64-debian-gcc 3.0.11 5.75 58.17 63.92 NOTE
r-devel-linux-x86_64-fedora-clang 3.0.11 107.46 NOTE
r-devel-linux-x86_64-fedora-gcc 3.0.11 98.25 NOTE
r-devel-windows-x86_64 3.0.11 9.00 138.00 147.00 NOTE
r-devel-windows-x86_64-gcc10-UCRT 3.0.11 NOTE
r-patched-linux-x86_64 3.0.11 NOTE
r-patched-solaris-x86 3.0.11 138.80 NOTE
r-release-linux-x86_64 3.0.11 6.60 73.63 80.23 NOTE
r-release-macos-arm64 3.0.11 NOTE
r-release-macos-x86_64 3.0.11 NOTE
r-release-windows-ix86+x86_64 3.0.11 16.00 139.00 155.00 NOTE
r-oldrel-macos-x86_64 3.0.11 OK
r-oldrel-windows-ix86+x86_64 3.0.11 14.00 139.00 153.00 OK

Check Details

Version: 3.0.11
Check: LazyData
Result: NOTE
     'LazyData' is specified without a 'data' directory
Flavors: r-devel-linux-x86_64-debian-clang, r-devel-linux-x86_64-debian-gcc, r-devel-linux-x86_64-fedora-clang, r-devel-linux-x86_64-fedora-gcc, r-devel-windows-x86_64, r-devel-windows-x86_64-gcc10-UCRT, r-patched-linux-x86_64, r-patched-solaris-x86, r-release-linux-x86_64, r-release-macos-arm64, r-release-macos-x86_64, r-release-windows-ix86+x86_64