CRAN Package Check Results for Package rotasym

Last updated on 2023-01-27 23:38:08 CET.

Flavor Version Tinstall Tcheck Ttotal Status Flags
r-devel-linux-x86_64-debian-clang 1.1.4 26.02 37.68 63.70 OK
r-devel-linux-x86_64-debian-gcc 1.1.4 23.20 29.56 52.76 NOTE
r-devel-linux-x86_64-fedora-clang 1.1.4 95.25 NOTE
r-devel-linux-x86_64-fedora-gcc 1.1.4 88.28 NOTE
r-patched-linux-x86_64 1.1.4 24.97 34.69 59.66 OK
r-release-linux-x86_64 1.1.4 23.09 35.21 58.30 OK
r-release-macos-arm64 1.1.4 49.00 OK
r-release-macos-x86_64 1.1.4 36.00 OK
r-release-windows-x86_64 1.1.4 33.00 88.00 121.00 OK
r-oldrel-macos-arm64 1.1.4 31.00 OK
r-oldrel-macos-x86_64 1.1.4 39.00 OK
r-oldrel-windows-ix86+x86_64 1.1.4 75.00 85.00 160.00 OK

Check Details

Version: 1.1.4
Check: C++ specification
Result: NOTE
     Specified C++11: please update to current default of C++17
Flavors: r-devel-linux-x86_64-debian-gcc, r-devel-linux-x86_64-fedora-clang, r-devel-linux-x86_64-fedora-gcc