Last updated on 2023-10-03 01:05:02 CEST.
Flavor | Version | Tinstall | Tcheck | Ttotal | Status | Flags |
---|---|---|---|---|---|---|
r-devel-linux-x86_64-debian-clang | 0.3.12 | 15.95 | 119.22 | 135.17 | OK | |
r-devel-linux-x86_64-debian-gcc | 0.3.12 | 12.33 | 88.34 | 100.67 | OK | |
r-devel-linux-x86_64-fedora-clang | 0.3.12 | 172.44 | OK | |||
r-devel-linux-x86_64-fedora-gcc | 0.3.12 | 159.41 | OK | |||
r-devel-windows-x86_64 | 0.3.12 | 18.00 | 115.00 | 133.00 | OK | |
r-patched-linux-x86_64 | 0.3.12 | 25.16 | 113.65 | 138.81 | OK | |
r-release-linux-x86_64 | 0.3.12 | 15.54 | 112.49 | 128.03 | OK | |
r-release-macos-arm64 | 0.3.12 | 48.00 | OK | |||
r-release-macos-x86_64 | 0.3.12 | 73.00 | NOTE | |||
r-release-windows-x86_64 | 0.3.12 | 22.00 | 136.00 | 158.00 | OK | |
r-oldrel-macos-arm64 | 0.3.12 | 33.00 | OK | |||
r-oldrel-macos-x86_64 | 0.3.12 | 63.00 | OK | |||
r-oldrel-windows-x86_64 | 0.3.12 | 21.00 | 126.00 | 147.00 | OK |
Version: 0.3.12
Check: package dependencies
Result: NOTE
Package suggested but not available for checking: ‘MBESS’
Flavor: r-release-macos-x86_64