Last updated on 2023-02-06 23:55:56 CET.
Flavor | Version | Tinstall | Tcheck | Ttotal | Status | Flags |
---|---|---|---|---|---|---|
r-devel-linux-x86_64-debian-clang | 0.1 | 26.58 | 61.83 | 88.41 | OK | |
r-devel-linux-x86_64-debian-gcc | 0.1 | 21.50 | 48.31 | 69.81 | OK | |
r-devel-linux-x86_64-fedora-clang | 0.1 | 114.95 | NOTE | |||
r-devel-linux-x86_64-fedora-gcc | 0.1 | 114.60 | OK | |||
r-devel-windows-x86_64 | 0.1 | 31.00 | 78.00 | 109.00 | NOTE | |
r-patched-linux-x86_64 | 0.1 | 19.69 | 61.94 | 81.63 | OK | |
r-release-linux-x86_64 | 0.1 | 26.27 | 61.95 | 88.22 | OK | |
r-release-macos-arm64 | 0.1 | 39.00 | NOTE | |||
r-release-macos-x86_64 | 0.1 | 55.00 | NOTE | |||
r-release-windows-x86_64 | 0.1 | 37.00 | 83.00 | 120.00 | NOTE | |
r-oldrel-macos-arm64 | 0.1 | 47.00 | NOTE | |||
r-oldrel-macos-x86_64 | 0.1 | 82.00 | NOTE | |||
r-oldrel-windows-ix86+x86_64 | 0.1 | 60.00 | 81.00 | 141.00 | NOTE |
Version: 0.1
Check: installed package size
Result: NOTE
installed size is 5.5Mb
sub-directories of 1Mb or more:
R 2.7Mb
extdata 2.7Mb
Flavors: r-devel-linux-x86_64-fedora-clang, r-devel-windows-x86_64, r-release-macos-arm64, r-release-macos-x86_64, r-release-windows-x86_64, r-oldrel-macos-arm64, r-oldrel-macos-x86_64, r-oldrel-windows-ix86+x86_64