CRAN Package Check Results for Package rockchalk

Last updated on 2021-09-15 23:49:56 CEST.

Flavor Version Tinstall Tcheck Ttotal Status Flags
r-devel-linux-x86_64-debian-clang 1.8.144 18.46 210.59 229.05 OK
r-devel-linux-x86_64-debian-gcc 1.8.144 13.10 161.74 174.84 OK
r-devel-linux-x86_64-fedora-clang 1.8.144 278.16 NOTE
r-devel-linux-x86_64-fedora-gcc 1.8.144 267.82 OK
r-devel-windows-x86_64 1.8.144 17.00 252.00 269.00 OK
r-devel-windows-x86_64-gcc10-UCRT 1.8.144 OK
r-patched-linux-x86_64 1.8.144 17.32 207.07 224.39 OK
r-patched-solaris-x86 1.8.144 349.50 OK
r-release-linux-x86_64 1.8.144 12.77 205.56 218.33 OK
r-release-macos-arm64 1.8.144 OK
r-release-macos-x86_64 1.8.144 OK
r-release-windows-ix86+x86_64 1.8.144 31.00 195.00 226.00 OK
r-oldrel-macos-x86_64 1.8.144 OK
r-oldrel-windows-ix86+x86_64 1.8.144 21.00 230.00 251.00 OK

Check Details

Version: 1.8.144
Check: Rd cross-references
Result: NOTE
    Undeclared packages ‘mvtnorm’, ‘scatterplot3d’, ‘HH’ in Rd xrefs
Flavor: r-devel-linux-x86_64-fedora-clang