CRAN Package Check Results for Package rock

Last updated on 2024-06-13 00:55:30 CEST.

Flavor Version Tinstall Tcheck Ttotal Status Flags
r-devel-linux-x86_64-debian-clang 0.8.1 13.75 173.06 186.81 OK
r-devel-linux-x86_64-debian-gcc 0.8.1 0.59 1.86 2.45 ERROR
r-devel-linux-x86_64-fedora-clang 0.8.1 221.28 OK
r-devel-linux-x86_64-fedora-gcc 0.8.1 220.09 OK
r-devel-windows-x86_64 0.8.1 12.00 159.00 171.00 OK
r-patched-linux-x86_64 0.8.1 8.60 165.19 173.79 OK
r-release-linux-x86_64 0.8.1 7.73 165.20 172.93 OK
r-release-macos-arm64 0.8.1 71.00 OK
r-release-macos-x86_64 0.8.1 142.00 OK
r-release-windows-x86_64 0.8.1 14.00 167.00 181.00 OK
r-oldrel-macos-arm64 0.8.1 67.00 OK
r-oldrel-macos-x86_64 0.8.1 144.00 OK
r-oldrel-windows-x86_64 0.8.1 16.00 186.00 202.00 OK

Check Details

Version: 0.8.1
Check: package dependencies
Result: ERROR Packages required but not available: 'dplyr', 'DiagrammeR', 'ggplot2', 'purrr' Packages suggested but not available for checking: 'googlesheets4', 'haven', 'justifier', 'readxl', 'rvest', 'striprtf', 'testthat' See section ‘The DESCRIPTION file’ in the ‘Writing R Extensions’ manual. Flavor: r-devel-linux-x86_64-debian-gcc