CRAN Package Check Results for Package robsurvey

Last updated on 2021-10-27 23:50:38 CEST.

Flavor Version Tinstall Tcheck Ttotal Status Flags
r-devel-linux-x86_64-debian-clang 0.1.1 4.10 39.19 43.29 NOTE
r-devel-linux-x86_64-debian-gcc 0.1.1 2.93 30.62 33.55 NOTE
r-devel-linux-x86_64-fedora-clang 0.1.1 63.30 NOTE
r-devel-linux-x86_64-fedora-gcc 0.1.1 52.37 NOTE
r-devel-windows-x86_64 0.1.1 8.00 54.00 62.00 NOTE
r-devel-windows-x86_64-gcc10-UCRT 0.1.1 NOTE
r-patched-linux-x86_64 0.1.1 3.97 38.28 42.25 NOTE
r-patched-solaris-x86 0.1.1 77.70 NOTE
r-release-linux-x86_64 0.1.1 3.50 38.20 41.70 NOTE
r-release-macos-arm64 0.1.1 NOTE
r-release-macos-x86_64 0.1.1 NOTE
r-release-windows-ix86+x86_64 0.1.1 8.00 80.00 88.00 NOTE
r-oldrel-macos-x86_64 0.1.1 OK
r-oldrel-windows-ix86+x86_64 0.1.1 8.00 81.00 89.00 OK

Check Details

Version: 0.1.1
Check: LazyData
Result: NOTE
     'LazyData' is specified without a 'data' directory
Flavors: r-devel-linux-x86_64-debian-clang, r-devel-linux-x86_64-debian-gcc, r-devel-linux-x86_64-fedora-clang, r-devel-linux-x86_64-fedora-gcc, r-devel-windows-x86_64, r-devel-windows-x86_64-gcc10-UCRT, r-patched-linux-x86_64, r-patched-solaris-x86, r-release-linux-x86_64, r-release-macos-arm64, r-release-macos-x86_64, r-release-windows-ix86+x86_64