Last updated on 2023-01-28 23:51:49 CET.
Flavor | Version | Tinstall | Tcheck | Ttotal | Status | Flags |
---|---|---|---|---|---|---|
r-devel-linux-x86_64-debian-clang | 1.1 | 44.38 | 42.34 | 86.72 | OK | |
r-devel-linux-x86_64-debian-gcc | 1.1 | 39.69 | 32.90 | 72.59 | OK | |
r-devel-linux-x86_64-fedora-clang | 1.1 | 123.87 | OK | |||
r-devel-linux-x86_64-fedora-gcc | 1.1 | 125.62 | OK | |||
r-patched-linux-x86_64 | 1.1 | 38.46 | 42.06 | 80.52 | OK | |
r-release-linux-x86_64 | 1.1 | 37.59 | 41.14 | 78.73 | OK | |
r-release-macos-arm64 | 1.1 | 36.00 | NOTE | |||
r-release-macos-x86_64 | 1.1 | 47.00 | NOTE | |||
r-release-windows-x86_64 | 1.1 | 45.00 | 98.00 | 143.00 | OK | |
r-oldrel-macos-arm64 | 1.1 | 35.00 | NOTE | |||
r-oldrel-macos-x86_64 | 1.1 | 73.00 | OK | |||
r-oldrel-windows-ix86+x86_64 | 1.1 | 109.00 | 113.00 | 222.00 | OK |
Version: 1.1
Check: installed package size
Result: NOTE
installed size is 5.0Mb
sub-directories of 1Mb or more:
libs 4.7Mb
Flavors: r-release-macos-arm64, r-release-macos-x86_64, r-oldrel-macos-arm64