Last updated on 2023-01-30 00:31:23 CET.
Flavor | Version | Tinstall | Tcheck | Ttotal | Status | Flags |
---|---|---|---|---|---|---|
r-devel-linux-x86_64-debian-clang | 1.4 | 46.63 | 82.56 | 129.19 | NOTE | |
r-devel-linux-x86_64-debian-gcc | 1.4 | 34.72 | 59.99 | 94.71 | NOTE | |
r-devel-linux-x86_64-fedora-clang | 1.4 | 165.99 | NOTE | |||
r-devel-linux-x86_64-fedora-gcc | 1.4 | 161.77 | NOTE | |||
r-devel-windows-x86_64 | 1.4 | 50.00 | 126.00 | 176.00 | NOTE | |
r-patched-linux-x86_64 | 1.4 | 33.79 | 78.13 | 111.92 | NOTE | |
r-release-linux-x86_64 | 1.4 | 34.28 | 78.11 | 112.39 | NOTE | |
r-release-macos-arm64 | 1.4 | 45.00 | NOTE | |||
r-release-macos-x86_64 | 1.4 | 71.00 | NOTE | |||
r-release-windows-x86_64 | 1.4 | 44.00 | 121.00 | 165.00 | NOTE | |
r-oldrel-macos-arm64 | 1.4 | 47.00 | NOTE | |||
r-oldrel-macos-x86_64 | 1.4 | 67.00 | NOTE | |||
r-oldrel-windows-ix86+x86_64 | 1.4 | 102.00 | 160.00 | 262.00 | NOTE |
Version: 1.4
Check: LazyData
Result: NOTE
'LazyData' is specified without a 'data' directory
Flavors: r-devel-linux-x86_64-debian-clang, r-devel-linux-x86_64-debian-gcc, r-devel-linux-x86_64-fedora-clang, r-devel-linux-x86_64-fedora-gcc, r-devel-windows-x86_64, r-patched-linux-x86_64, r-release-linux-x86_64, r-release-macos-arm64, r-release-macos-x86_64, r-release-windows-x86_64, r-oldrel-macos-arm64, r-oldrel-macos-x86_64, r-oldrel-windows-ix86+x86_64