CRAN Package Check Results for Package robCompositions

Last updated on 2022-01-22 23:52:21 CET.

Flavor Version Tinstall Tcheck Ttotal Status Flags
r-devel-linux-x86_64-debian-clang 2.3.1 119.03 281.65 400.68 OK
r-devel-linux-x86_64-debian-gcc 2.3.1 84.61 211.26 295.87 OK
r-devel-linux-x86_64-fedora-clang 2.3.1 510.98 NOTE
r-devel-linux-x86_64-fedora-gcc 2.3.1 474.78 NOTE
r-devel-windows-x86_64-new-UL 2.3.1 484.00 161.00 645.00 OK --no-examples --no-tests --no-vignettes
r-devel-windows-x86_64-new-TK 2.3.1 ERROR
r-patched-linux-x86_64 2.3.1 108.87 270.21 379.08 OK
r-release-linux-x86_64 2.3.1 92.96 266.82 359.78 OK
r-release-macos-arm64 2.3.1 NOTE
r-release-macos-x86_64 2.3.1 NOTE
r-release-windows-ix86+x86_64 2.3.1 260.00 281.00 541.00 NOTE --no-examples --no-tests --no-vignettes
r-oldrel-macos-x86_64 2.3.1 NOTE
r-oldrel-windows-ix86+x86_64 2.3.1 258.00 278.00 536.00 NOTE --no-examples --no-tests --no-vignettes

Check Details

Version: 2.3.1
Check: installed package size
Result: NOTE
     installed size is 17.5Mb
     sub-directories of 1Mb or more:
     data 1.4Mb
     libs 15.0Mb
Flavors: r-devel-linux-x86_64-fedora-clang, r-release-macos-arm64, r-release-macos-x86_64, r-oldrel-macos-x86_64

Version: 2.3.1
Check: Rd cross-references
Result: NOTE
    Undeclared package ‘StatDA’ in Rd xrefs
Flavor: r-devel-linux-x86_64-fedora-clang

Version: 2.3.1
Check: data for non-ASCII characters
Result: NOTE
     Note: found 1 marked UTF-8 string
Flavors: r-devel-linux-x86_64-fedora-clang, r-devel-linux-x86_64-fedora-gcc, r-release-macos-arm64, r-release-macos-x86_64, r-oldrel-macos-x86_64

Version: 2.3.1
Check: package dependencies
Result: ERROR
    Packages required but not available: 'car', 'VIM'
    
    See section 'The DESCRIPTION file' in the 'Writing R Extensions'
    manual.
Flavor: r-devel-windows-x86_64-new-TK

Version: 2.3.1
Flags: --no-examples --no-tests --no-vignettes
Check: installed package size
Result: NOTE
     installed size is 5.1Mb
     sub-directories of 1Mb or more:
     data 1.4Mb
     libs 2.6Mb
Flavors: r-release-windows-ix86+x86_64, r-oldrel-windows-ix86+x86_64