Last updated on 2023-02-05 23:58:55 CET.
Flavor | Version | Tinstall | Tcheck | Ttotal | Status | Flags |
---|---|---|---|---|---|---|
r-devel-linux-x86_64-debian-clang | 0.8.7 | 186.53 | 36.42 | 222.95 | OK | |
r-devel-linux-x86_64-debian-gcc | 0.8.7 | 177.95 | 28.32 | 206.27 | OK | |
r-devel-linux-x86_64-fedora-clang | 0.8.7 | 345.13 | OK | |||
r-devel-linux-x86_64-fedora-gcc | 0.8.7 | 348.05 | OK | |||
r-devel-windows-x86_64 | 0.8.7 | 158.00 | 104.00 | 262.00 | OK | |
r-patched-linux-x86_64 | 0.8.7 | 177.00 | 35.90 | 212.90 | OK | |
r-release-linux-x86_64 | 0.8.7 | 171.32 | 37.04 | 208.36 | OK | |
r-release-macos-arm64 | 0.8.7 | 92.00 | NOTE | |||
r-release-macos-x86_64 | 0.8.7 | 110.00 | NOTE | |||
r-release-windows-x86_64 | 0.8.7 | 145.00 | 106.00 | 251.00 | OK | |
r-oldrel-macos-arm64 | 0.8.7 | 94.00 | NOTE | |||
r-oldrel-macos-x86_64 | 0.8.7 | 110.00 | NOTE | |||
r-oldrel-windows-ix86+x86_64 | 0.8.7 | 425.00 | 93.00 | 518.00 | OK |
Version: 0.8.7
Check: installed package size
Result: NOTE
installed size is 20.6Mb
sub-directories of 1Mb or more:
libs 20.4Mb
Flavors: r-release-macos-arm64, r-release-macos-x86_64, r-oldrel-macos-arm64, r-oldrel-macos-x86_64