CRAN Package Check Results for Package rncl

Last updated on 2024-06-22 00:58:07 CEST.

Flavor Version Tinstall Tcheck Ttotal Status Flags
r-devel-linux-x86_64-debian-clang 0.8.7 191.32 38.03 229.35 NOTE
r-devel-linux-x86_64-debian-gcc 0.8.7 167.38 28.84 196.22 NOTE
r-devel-linux-x86_64-fedora-clang 0.8.7 358.03 NOTE
r-devel-linux-x86_64-fedora-gcc 0.8.7 413.80 NOTE
r-devel-windows-x86_64 0.8.7 164.00 84.00 248.00 NOTE
r-patched-linux-x86_64 0.8.7 206.34 36.74 243.08 NOTE
r-release-linux-x86_64 0.8.7 201.54 36.23 237.77 NOTE
r-release-macos-arm64 0.8.7 73.00 NOTE
r-release-macos-x86_64 0.8.7 68.00 NOTE
r-release-windows-x86_64 0.8.7 160.00 85.00 245.00 NOTE
r-oldrel-macos-arm64 0.8.7 95.00 NOTE
r-oldrel-macos-x86_64 0.8.7 164.00 NOTE
r-oldrel-windows-x86_64 0.8.7 194.00 96.00 290.00 OK

Check Details

Version: 0.8.7
Check: Rd files
Result: NOTE checkRd: (-1) rncl.Rd:53-55: Lost braces in \itemize; \value handles \item{}{} directly checkRd: (-1) rncl.Rd:57: Lost braces in \itemize; \value handles \item{}{} directly checkRd: (-1) rncl.Rd:59-63: Lost braces in \itemize; \value handles \item{}{} directly checkRd: (-1) rncl.Rd:65-71: Lost braces in \itemize; \value handles \item{}{} directly checkRd: (-1) rncl.Rd:73-78: Lost braces in \itemize; \value handles \item{}{} directly checkRd: (-1) rncl.Rd:80-84: Lost braces in \itemize; \value handles \item{}{} directly checkRd: (-1) rncl.Rd:86-90: Lost braces in \itemize; \value handles \item{}{} directly checkRd: (-1) rncl.Rd:92-93: Lost braces in \itemize; \value handles \item{}{} directly checkRd: (-1) rncl.Rd:95-96: Lost braces in \itemize; \value handles \item{}{} directly checkRd: (-1) rncl.Rd:98-99: Lost braces in \itemize; \value handles \item{}{} directly checkRd: (-1) rncl.Rd:101-102: Lost braces in \itemize; \value handles \item{}{} directly checkRd: (-1) rncl.Rd:104-105: Lost braces in \itemize; \value handles \item{}{} directly checkRd: (-1) rncl.Rd:107-110: Lost braces in \itemize; \value handles \item{}{} directly checkRd: (-1) rncl.Rd:112-115: Lost braces in \itemize; \value handles \item{}{} directly checkRd: (-1) rncl.Rd:117-119: Lost braces in \itemize; \value handles \item{}{} directly checkRd: (-1) rncl.Rd:121-124: Lost braces in \itemize; \value handles \item{}{} directly Flavors: r-devel-linux-x86_64-debian-clang, r-devel-linux-x86_64-debian-gcc, r-devel-linux-x86_64-fedora-clang, r-devel-linux-x86_64-fedora-gcc, r-devel-windows-x86_64, r-patched-linux-x86_64, r-release-linux-x86_64, r-release-macos-arm64, r-release-macos-x86_64, r-release-windows-x86_64

Version: 0.8.7
Check: installed package size
Result: NOTE installed size is 18.7Mb sub-directories of 1Mb or more: libs 18.5Mb Flavors: r-release-macos-arm64, r-release-macos-x86_64, r-oldrel-macos-arm64, r-oldrel-macos-x86_64