Last updated on 2023-06-07 01:03:36 CEST.
Flavor | Version | Tinstall | Tcheck | Ttotal | Status | Flags |
---|---|---|---|---|---|---|
r-devel-linux-x86_64-debian-clang | 0.0.8 | 70.93 | 76.71 | 147.64 | NOTE | |
r-devel-linux-x86_64-debian-gcc | 0.0.8 | 50.10 | 57.09 | 107.19 | NOTE | |
r-devel-linux-x86_64-fedora-clang | 0.0.8 | 219.57 | NOTE | |||
r-devel-linux-x86_64-fedora-gcc | 0.0.8 | 209.67 | NOTE | |||
r-devel-windows-x86_64 | 0.0.8 | 95.00 | 118.00 | 213.00 | NOTE | |
r-patched-linux-x86_64 | 0.0.8 | 59.53 | 71.60 | 131.13 | NOTE | |
r-release-linux-x86_64 | 0.0.8 | 63.20 | 71.51 | 134.71 | NOTE | |
r-release-macos-arm64 | 0.0.8 | 70.00 | NOTE | |||
r-release-macos-x86_64 | 0.0.8 | 116.00 | NOTE | |||
r-release-windows-x86_64 | 0.0.8 | 96.00 | 131.00 | 227.00 | NOTE | |
r-oldrel-macos-arm64 | 0.0.8 | 56.00 | NOTE | |||
r-oldrel-macos-x86_64 | 0.0.8 | 73.00 | NOTE | |||
r-oldrel-windows-x86_64 | 0.0.8 | 105.00 | 108.00 | 213.00 | NOTE |
Version: 0.0.8
Check: C++ specification
Result: NOTE
Specified C++11: please drop specification unless essential
Flavors: r-devel-linux-x86_64-debian-clang, r-devel-linux-x86_64-debian-gcc, r-devel-linux-x86_64-fedora-clang, r-devel-linux-x86_64-fedora-gcc, r-devel-windows-x86_64, r-patched-linux-x86_64, r-release-linux-x86_64, r-release-macos-arm64, r-release-macos-x86_64, r-release-windows-x86_64
Version: 0.0.8
Check: installed package size
Result: NOTE
installed size is 5.9Mb
sub-directories of 1Mb or more:
minizinc 3.4Mb
Flavors: r-devel-linux-x86_64-fedora-clang, r-devel-windows-x86_64, r-release-macos-arm64, r-release-macos-x86_64, r-release-windows-x86_64, r-oldrel-macos-arm64, r-oldrel-macos-x86_64, r-oldrel-windows-x86_64