CRAN Package Check Results for Package rmi

Last updated on 2024-06-14 00:53:56 CEST.

Flavor Version Tinstall Tcheck Ttotal Status Flags
r-devel-linux-x86_64-debian-clang 0.1.1 141.07 39.55 180.62 NOTE
r-devel-linux-x86_64-debian-gcc 0.1.1 91.92 28.18 120.10 ERROR
r-devel-linux-x86_64-fedora-clang 0.1.1 289.01 NOTE
r-devel-linux-x86_64-fedora-gcc 0.1.1 282.79 NOTE
r-devel-windows-x86_64 0.1.1 57.00 66.00 123.00 NOTE
r-patched-linux-x86_64 0.1.1 113.39 38.57 151.96 NOTE
r-release-linux-x86_64 0.1.1 112.42 38.26 150.68 NOTE
r-release-macos-arm64 0.1.1 52.00 NOTE
r-release-macos-x86_64 0.1.1 58.00 NOTE
r-release-windows-x86_64 0.1.1 58.00 74.00 132.00 NOTE
r-oldrel-macos-arm64 0.1.1 52.00 NOTE
r-oldrel-macos-x86_64 0.1.1 91.00 NOTE
r-oldrel-windows-x86_64 0.1.1 72.00 83.00 155.00 NOTE

Check Details

Version: 0.1.1
Check: LazyData
Result: NOTE 'LazyData' is specified without a 'data' directory Flavors: r-devel-linux-x86_64-debian-clang, r-devel-linux-x86_64-debian-gcc, r-devel-linux-x86_64-fedora-clang, r-devel-linux-x86_64-fedora-gcc, r-devel-windows-x86_64, r-patched-linux-x86_64, r-release-linux-x86_64, r-release-macos-arm64, r-release-macos-x86_64, r-release-windows-x86_64, r-oldrel-macos-arm64, r-oldrel-macos-x86_64, r-oldrel-windows-x86_64

Version: 0.1.1
Check: package dependencies
Result: NOTE Package suggested but not available for checking: ‘testthat’ Flavor: r-devel-linux-x86_64-debian-gcc

Version: 0.1.1
Check: tests
Result: ERROR Running ‘testthat.R’ [0s/1s] Running the tests in ‘tests/testthat.R’ failed. Complete output: > library(testthat) Error in library(testthat) : there is no package called 'testthat' Execution halted Flavor: r-devel-linux-x86_64-debian-gcc

Version: 0.1.1
Check: C++ specification
Result: NOTE Specified C++11: please drop specification unless essential Flavors: r-devel-windows-x86_64, r-release-windows-x86_64, r-oldrel-windows-x86_64