Last updated on 2023-02-08 00:03:37 CET.
Flavor | Version | Tinstall | Tcheck | Ttotal | Status | Flags |
---|---|---|---|---|---|---|
r-devel-linux-x86_64-debian-clang | 0.1.1 | 145.53 | 39.14 | 184.67 | NOTE | |
r-devel-linux-x86_64-debian-gcc | 0.1.1 | 107.14 | 29.61 | 136.75 | NOTE | |
r-devel-linux-x86_64-fedora-clang | 0.1.1 | 272.69 | NOTE | |||
r-devel-linux-x86_64-fedora-gcc | 0.1.1 | 239.85 | NOTE | |||
r-devel-windows-x86_64 | 0.1.1 | 62.00 | 90.00 | 152.00 | NOTE | |
r-patched-linux-x86_64 | 0.1.1 | 106.78 | 38.42 | 145.20 | NOTE | |
r-release-linux-x86_64 | 0.1.1 | 110.47 | 38.96 | 149.43 | NOTE | |
r-release-macos-arm64 | 0.1.1 | 53.00 | NOTE | |||
r-release-macos-x86_64 | 0.1.1 | 72.00 | NOTE | |||
r-release-windows-x86_64 | 0.1.1 | 70.00 | 95.00 | 165.00 | NOTE | |
r-oldrel-macos-arm64 | 0.1.1 | 50.00 | NOTE | |||
r-oldrel-macos-x86_64 | 0.1.1 | 110.00 | NOTE | |||
r-oldrel-windows-ix86+x86_64 | 0.1.1 | 179.00 | 98.00 | 277.00 | NOTE |
Version: 0.1.1
Check: LazyData
Result: NOTE
'LazyData' is specified without a 'data' directory
Flavors: r-devel-linux-x86_64-debian-clang, r-devel-linux-x86_64-debian-gcc, r-devel-linux-x86_64-fedora-clang, r-devel-linux-x86_64-fedora-gcc, r-devel-windows-x86_64, r-patched-linux-x86_64, r-release-linux-x86_64, r-release-macos-arm64, r-release-macos-x86_64, r-release-windows-x86_64, r-oldrel-macos-arm64, r-oldrel-macos-x86_64, r-oldrel-windows-ix86+x86_64
Version: 0.1.1
Check: C++ specification
Result: NOTE
Specified C++11: please update to current default of C++17
Flavor: r-devel-windows-x86_64