CRAN Package Check Results for Package rmdpartials

Last updated on 2021-10-16 23:49:34 CEST.

Flavor Version Tinstall Tcheck Ttotal Status Flags
r-devel-linux-x86_64-debian-clang 0.5.8 2.34 28.62 30.96 NOTE
r-devel-linux-x86_64-debian-gcc 0.5.8 1.80 22.24 24.04 NOTE
r-devel-linux-x86_64-fedora-clang 0.5.8 47.48 NOTE
r-devel-linux-x86_64-fedora-gcc 0.5.8 37.41 NOTE
r-devel-windows-x86_64 0.5.8 4.00 43.00 47.00 NOTE
r-devel-windows-x86_64-gcc10-UCRT 0.5.8 NOTE
r-patched-linux-x86_64 0.5.8 2.52 26.73 29.25 NOTE
r-patched-solaris-x86 0.5.8 50.40 NOTE
r-release-linux-x86_64 0.5.8 2.25 27.14 29.39 NOTE
r-release-macos-arm64 0.5.8 NOTE
r-release-macos-x86_64 0.5.8 NOTE
r-release-windows-ix86+x86_64 0.5.8 4.00 55.00 59.00 NOTE
r-oldrel-macos-x86_64 0.5.8 OK
r-oldrel-windows-ix86+x86_64 0.5.8 6.00 49.00 55.00 OK

Check Details

Version: 0.5.8
Check: LazyData
Result: NOTE
     'LazyData' is specified without a 'data' directory
Flavors: r-devel-linux-x86_64-debian-clang, r-devel-linux-x86_64-debian-gcc, r-devel-linux-x86_64-fedora-clang, r-devel-linux-x86_64-fedora-gcc, r-devel-windows-x86_64, r-devel-windows-x86_64-gcc10-UCRT, r-patched-linux-x86_64, r-patched-solaris-x86, r-release-linux-x86_64, r-release-macos-arm64, r-release-macos-x86_64, r-release-windows-ix86+x86_64