CRAN Package Check Results for Package rmarchingcubes

Last updated on 2023-01-26 23:56:01 CET.

Flavor Version Tinstall Tcheck Ttotal Status Flags
r-devel-linux-x86_64-debian-clang 0.1.3 40.85 52.35 93.20 OK
r-devel-linux-x86_64-debian-gcc 0.1.3 31.76 39.14 70.90 OK
r-devel-linux-x86_64-fedora-clang 0.1.3 134.24 NOTE
r-devel-linux-x86_64-fedora-gcc 0.1.3 134.01 NOTE
r-patched-linux-x86_64 0.1.3 31.53 49.78 81.31 OK
r-release-linux-x86_64 0.1.3 34.45 50.99 85.44 OK
r-release-macos-arm64 0.1.3 34.00 OK
r-release-macos-x86_64 0.1.3 46.00 OK
r-release-windows-x86_64 0.1.3 47.00 103.00 150.00 OK
r-oldrel-macos-arm64 0.1.3 34.00 OK
r-oldrel-macos-x86_64 0.1.3 45.00 OK
r-oldrel-windows-ix86+x86_64 0.1.3 109.00 124.00 233.00 OK

Check Details

Version: 0.1.3
Check: C++ specification
Result: NOTE
     Specified C++11: please update to current default of C++17
Flavors: r-devel-linux-x86_64-fedora-clang, r-devel-linux-x86_64-fedora-gcc