CRAN Package Check Results for Package rmapshaper

Last updated on 2021-09-19 23:50:31 CEST.

Flavor Version Tinstall Tcheck Ttotal Status Flags
r-devel-linux-x86_64-debian-clang 0.4.5 5.74 100.90 106.64 OK
r-devel-linux-x86_64-debian-gcc 0.4.5 3.97 75.74 79.71 OK
r-devel-linux-x86_64-fedora-gcc 0.4.5 127.83 OK
r-devel-windows-x86_64 0.4.5 8.00 153.00 161.00 OK
r-devel-windows-x86_64-gcc10-UCRT 0.4.5 ERROR
r-patched-linux-x86_64 0.4.5 4.87 96.52 101.39 OK
r-patched-solaris-x86 0.4.5 161.30 OK
r-release-linux-x86_64 0.4.5 4.95 95.86 100.81 OK
r-release-macos-arm64 0.4.5 OK
r-release-macos-x86_64 0.4.5 OK
r-release-windows-ix86+x86_64 0.4.5 15.00 153.00 168.00 OK
r-oldrel-macos-x86_64 0.4.5 OK
r-oldrel-windows-ix86+x86_64 0.4.5 16.00 144.00 160.00 OK

Check Details

Version: 0.4.5
Check: whether package can be installed
Result: WARN
    Found the following significant warnings:
     WARNING: installation-time patches will not be applied, could not get the patches index
Flavor: r-devel-windows-x86_64-gcc10-UCRT

Version: 0.4.5
Check: PDF version of manual
Result: WARN
    LaTeX errors when creating PDF version.
    This typically indicates Rd problems.
Flavor: r-devel-windows-x86_64-gcc10-UCRT

Version: 0.4.5
Check: PDF version of manual without hyperrefs or index
Result: ERROR
    Re-running with no redirection of stdout/stderr.
Flavor: r-devel-windows-x86_64-gcc10-UCRT