CRAN Package Check Results for Package rma.exact

Last updated on 2023-01-28 23:51:49 CET.

Flavor Version Tinstall Tcheck Ttotal Status Flags
r-devel-linux-x86_64-debian-clang 0.1.0 1.83 31.61 33.44 NOTE
r-devel-linux-x86_64-debian-gcc 0.1.0 2.32 25.53 27.85 NOTE
r-devel-linux-x86_64-fedora-clang 0.1.0 43.84 NOTE
r-devel-linux-x86_64-fedora-gcc 0.1.0 44.90 NOTE
r-patched-linux-x86_64 0.1.0 2.77 30.30 33.07 NOTE
r-release-linux-x86_64 0.1.0 2.86 30.70 33.56 NOTE
r-release-macos-arm64 0.1.0 19.00 NOTE
r-release-macos-x86_64 0.1.0 23.00 NOTE
r-release-windows-x86_64 0.1.0 15.00 65.00 80.00 NOTE
r-oldrel-macos-arm64 0.1.0 22.00 NOTE
r-oldrel-macos-x86_64 0.1.0 31.00 NOTE
r-oldrel-windows-ix86+x86_64 0.1.0 12.00 55.00 67.00 NOTE

Check Details

Version: 0.1.0
Check: LazyData
Result: NOTE
     'LazyData' is specified without a 'data' directory
Flavors: r-devel-linux-x86_64-debian-clang, r-devel-linux-x86_64-debian-gcc, r-devel-linux-x86_64-fedora-clang, r-devel-linux-x86_64-fedora-gcc, r-patched-linux-x86_64, r-release-linux-x86_64, r-release-macos-arm64, r-release-macos-x86_64, r-release-windows-x86_64, r-oldrel-macos-arm64, r-oldrel-macos-x86_64, r-oldrel-windows-ix86+x86_64