CRAN Package Check Results for Package rmBayes

Last updated on 2021-11-28 23:50:38 CET.

Flavor Version Tinstall Tcheck Ttotal Status Flags
r-devel-linux-x86_64-debian-clang 0.1.13 NOTE
r-devel-linux-x86_64-debian-gcc 0.1.13 1043.99 190.12 1234.11 NOTE
r-devel-linux-x86_64-fedora-clang 0.1.13 2032.62 NOTE
r-devel-linux-x86_64-fedora-gcc 0.1.13 2233.82 NOTE
r-devel-windows-x86_64-new-UL 0.1.13 1388.00 555.00 1943.00 NOTE
r-devel-windows-x86_64-new-TK 0.1.13 NOTE
r-devel-windows-x86_64-old 0.1.13 1215.00 510.00 1725.00 NOTE
r-patched-linux-x86_64 0.1.13 1039.88 234.25 1274.13 NOTE
r-patched-solaris-x86 0.1.13 1836.90 NOTE
r-release-linux-x86_64 0.1.13 1145.90 235.10 1381.00 NOTE
r-release-macos-arm64 0.1.13 NOTE
r-release-macos-x86_64 0.1.13 NOTE
r-release-windows-ix86+x86_64 0.1.13 2732.00 357.00 3089.00 NOTE
r-oldrel-macos-x86_64 0.1.13 NOTE
r-oldrel-windows-ix86+x86_64 0.1.13 2786.00 447.00 3233.00 NOTE

Check Details

Version: 0.1.13
Check: for GNU extensions in Makefiles
Result: NOTE
    GNU make is a SystemRequirements.
Flavors: r-devel-linux-x86_64-debian-clang, r-devel-linux-x86_64-debian-gcc, r-devel-linux-x86_64-fedora-clang, r-devel-linux-x86_64-fedora-gcc, r-devel-windows-x86_64-new-UL, r-devel-windows-x86_64-new-TK, r-devel-windows-x86_64-old, r-patched-linux-x86_64, r-patched-solaris-x86, r-release-linux-x86_64, r-release-macos-arm64, r-release-macos-x86_64, r-release-windows-ix86+x86_64, r-oldrel-macos-x86_64, r-oldrel-windows-ix86+x86_64

Version: 0.1.13
Check: installed package size
Result: NOTE
     installed size is 133.6Mb
     sub-directories of 1Mb or more:
     libs 133.2Mb
Flavors: r-devel-linux-x86_64-fedora-clang, r-devel-windows-x86_64-new-UL, r-devel-windows-x86_64-old, r-patched-solaris-x86, r-release-macos-arm64, r-release-macos-x86_64, r-release-windows-ix86+x86_64, r-oldrel-macos-x86_64, r-oldrel-windows-ix86+x86_64

Version: 0.1.13
Check: dependencies in R code
Result: NOTE
    Namespaces in Imports field not imported from:
     ‘RcppParallel’ ‘rstantools’
     All declared Imports should be used.
Flavors: r-devel-linux-x86_64-fedora-clang, r-devel-linux-x86_64-fedora-gcc, r-devel-windows-x86_64-new-TK, r-patched-solaris-x86, r-release-macos-arm64, r-release-macos-x86_64, r-oldrel-macos-x86_64