Last updated on 2023-01-30 00:31:23 CET.
Flavor | Version | Tinstall | Tcheck | Ttotal | Status | Flags |
---|---|---|---|---|---|---|
r-devel-linux-x86_64-debian-clang | 1.6.2 | 458.27 | 36.60 | 494.87 | OK | |
r-devel-linux-x86_64-debian-gcc | 1.6.2 | 321.04 | 29.90 | 350.94 | NOTE | |
r-devel-linux-x86_64-fedora-clang | 1.6.2 | 803.80 | NOTE | |||
r-devel-linux-x86_64-fedora-gcc | 1.6.2 | 659.20 | NOTE | |||
r-devel-windows-x86_64 | 1.6.2 | 522.00 | 112.00 | 634.00 | NOTE | |
r-patched-linux-x86_64 | 1.6.2 | 374.79 | 37.66 | 412.45 | OK | |
r-release-linux-x86_64 | 1.6.2 | 376.33 | 38.20 | 414.53 | OK | |
r-release-macos-arm64 | 1.6.2 | 134.00 | NOTE | |||
r-release-macos-x86_64 | 1.6.2 | 188.00 | NOTE | |||
r-release-windows-x86_64 | 1.6.2 | 593.00 | 104.00 | 697.00 | OK | |
r-oldrel-macos-arm64 | 1.6.2 | 132.00 | NOTE | |||
r-oldrel-macos-x86_64 | 1.6.2 | 197.00 | NOTE | |||
r-oldrel-windows-ix86+x86_64 | 1.6.2 | 1128.00 | 117.00 | 1245.00 | NOTE |
Version: 1.6.2
Check: C++ specification
Result: NOTE
Specified C++14: please update to current default of C++17
Flavors: r-devel-linux-x86_64-debian-gcc, r-devel-linux-x86_64-fedora-clang, r-devel-linux-x86_64-fedora-gcc, r-devel-windows-x86_64
Version: 1.6.2
Check: installed package size
Result: NOTE
installed size is 10.6Mb
sub-directories of 1Mb or more:
libs 10.1Mb
Flavors: r-release-macos-arm64, r-release-macos-x86_64, r-oldrel-macos-arm64, r-oldrel-macos-x86_64, r-oldrel-windows-ix86+x86_64