CRAN Package Check Results for Package rgovcan

Last updated on 2022-01-19 23:49:09 CET.

Flavor Version Tinstall Tcheck Ttotal Status Flags
r-devel-linux-x86_64-debian-clang 1.0.3 OK
r-devel-linux-x86_64-debian-gcc 1.0.3 5.28 50.33 55.61 OK
r-devel-linux-x86_64-fedora-clang 1.0.3 86.45 NOTE
r-devel-linux-x86_64-fedora-gcc 1.0.3 73.26 NOTE
r-devel-windows-x86_64-new-UL 1.0.3 30.00 89.00 119.00 OK
r-devel-windows-x86_64-new-TK 1.0.3 NOTE
r-patched-linux-x86_64 1.0.3 9.60 62.50 72.10 OK
r-release-linux-x86_64 1.0.3 OK
r-release-macos-arm64 1.0.3 NOTE
r-release-macos-x86_64 1.0.3 NOTE
r-release-windows-ix86+x86_64 1.0.3 18.00 84.00 102.00 OK
r-oldrel-macos-x86_64 1.0.3 NOTE
r-oldrel-windows-ix86+x86_64 1.0.3 21.00 82.00 103.00 OK

Check Details

Version: 1.0.3
Check: dependencies in R code
Result: NOTE
    Namespace in Imports field not imported from: ‘crul’
     All declared Imports should be used.
Flavors: r-devel-linux-x86_64-fedora-clang, r-devel-linux-x86_64-fedora-gcc, r-devel-windows-x86_64-new-TK, r-release-macos-arm64, r-release-macos-x86_64, r-oldrel-macos-x86_64