CRAN Package Check Results for Package rgoogleslides

Last updated on 2022-01-19 23:49:09 CET.

Flavor Version Tinstall Tcheck Ttotal Status Flags
r-devel-linux-x86_64-debian-clang 0.3.2 NOTE
r-devel-linux-x86_64-debian-gcc 0.3.2 4.87 27.79 32.66 NOTE
r-devel-linux-x86_64-fedora-clang 0.3.2 50.25 NOTE
r-devel-linux-x86_64-fedora-gcc 0.3.2 38.82 NOTE
r-devel-windows-x86_64-new-UL 0.3.2 109.00 53.00 162.00 NOTE
r-devel-windows-x86_64-new-TK 0.3.2 NOTE
r-patched-linux-x86_64 0.3.2 9.43 33.83 43.26 NOTE
r-release-linux-x86_64 0.3.2 NOTE
r-release-macos-arm64 0.3.2 NOTE
r-release-macos-x86_64 0.3.2 NOTE
r-release-windows-ix86+x86_64 0.3.2 11.00 43.00 54.00 NOTE
r-oldrel-macos-x86_64 0.3.2 OK
r-oldrel-windows-ix86+x86_64 0.3.2 10.00 40.00 50.00 OK

Check Details

Version: 0.3.2
Check: LazyData
Result: NOTE
     'LazyData' is specified without a 'data' directory
Flavors: r-devel-linux-x86_64-debian-clang, r-devel-linux-x86_64-debian-gcc, r-devel-linux-x86_64-fedora-clang, r-devel-linux-x86_64-fedora-gcc, r-devel-windows-x86_64-new-UL, r-devel-windows-x86_64-new-TK, r-patched-linux-x86_64, r-release-linux-x86_64, r-release-macos-arm64, r-release-macos-x86_64, r-release-windows-ix86+x86_64