CRAN Package Check Results for Package rgoogleads

Last updated on 2022-01-25 23:50:37 CET.

Flavor Version Tinstall Tcheck Ttotal Status Flags
r-devel-linux-x86_64-debian-clang 0.4.1 6.69 71.91 78.60 OK
r-devel-linux-x86_64-debian-gcc 0.4.1 6.36 54.20 60.56 OK
r-devel-linux-x86_64-fedora-clang 0.4.1 93.90 NOTE
r-devel-linux-x86_64-fedora-gcc 0.4.1 82.07 NOTE
r-devel-windows-x86_64-new-UL 0.4.1 87.00 112.00 199.00 OK
r-devel-windows-x86_64-new-TK 0.4.1 NOTE
r-patched-linux-x86_64 0.4.1 6.02 66.18 72.20 OK
r-release-linux-x86_64 0.4.1 6.26 66.12 72.38 OK
r-release-macos-arm64 0.4.1 NOTE
r-release-macos-x86_64 0.4.1 NOTE
r-release-windows-ix86+x86_64 0.4.1 16.00 83.00 99.00 OK
r-oldrel-macos-x86_64 0.4.1 NOTE
r-oldrel-windows-ix86+x86_64 0.4.1 17.00 84.00 101.00 OK

Check Details

Version: 0.4.1
Check: dependencies in R code
Result: NOTE
    Namespaces in Imports field not imported from:
     ‘cachem’ ‘magrittr’ ‘rappdirs’
     All declared Imports should be used.
Flavors: r-devel-linux-x86_64-fedora-clang, r-devel-linux-x86_64-fedora-gcc, r-devel-windows-x86_64-new-TK, r-release-macos-arm64, r-release-macos-x86_64, r-oldrel-macos-x86_64