CRAN Package Check Results for Package rgenius

Last updated on 2021-10-24 23:52:00 CEST.

Flavor Version Tinstall Tcheck Ttotal Status Flags
r-devel-linux-x86_64-debian-clang 0.1.0 4.42 42.38 46.80 NOTE
r-devel-linux-x86_64-debian-gcc 0.1.0 3.46 31.92 35.38 NOTE
r-devel-linux-x86_64-fedora-clang 0.1.0 67.14 NOTE
r-devel-linux-x86_64-fedora-gcc 0.1.0 53.63 NOTE
r-devel-windows-x86_64 0.1.0 8.00 72.00 80.00 NOTE
r-devel-windows-x86_64-gcc10-UCRT 0.1.0 NOTE
r-patched-linux-x86_64 0.1.0 3.86 39.50 43.36 NOTE
r-patched-solaris-x86 0.1.0 82.70 NOTE
r-release-linux-x86_64 0.1.0 4.53 39.26 43.79 NOTE
r-release-macos-arm64 0.1.0 NOTE
r-release-macos-x86_64 0.1.0 NOTE
r-release-windows-ix86+x86_64 0.1.0 10.00 53.00 63.00 NOTE
r-oldrel-macos-x86_64 0.1.0 OK
r-oldrel-windows-ix86+x86_64 0.1.0 12.00 136.00 148.00 OK

Check Details

Version: 0.1.0
Check: LazyData
Result: NOTE
     'LazyData' is specified without a 'data' directory
Flavors: r-devel-linux-x86_64-debian-clang, r-devel-linux-x86_64-debian-gcc, r-devel-linux-x86_64-fedora-clang, r-devel-linux-x86_64-fedora-gcc, r-devel-windows-x86_64, r-devel-windows-x86_64-gcc10-UCRT, r-patched-linux-x86_64, r-patched-solaris-x86, r-release-linux-x86_64, r-release-macos-arm64, r-release-macos-x86_64, r-release-windows-ix86+x86_64