Last updated on 2023-10-04 00:58:35 CEST.
Flavor | Version | Tinstall | Tcheck | Ttotal | Status | Flags |
---|---|---|---|---|---|---|
r-devel-linux-x86_64-debian-clang | 1.1.7 | 24.13 | 163.27 | 187.40 | OK | |
r-devel-linux-x86_64-debian-gcc | 1.1.7 | 24.13 | 121.90 | 146.03 | OK | |
r-devel-linux-x86_64-fedora-clang | 1.1.7 | 237.05 | NOTE | |||
r-devel-linux-x86_64-fedora-gcc | 1.1.7 | 243.15 | OK | |||
r-devel-windows-x86_64 | 1.1.7 | 24.00 | 150.00 | 174.00 | NOTE | |
r-patched-linux-x86_64 | 1.1.5 | 29.05 | 153.47 | 182.52 | OK | |
r-release-linux-x86_64 | 1.1.7 | 19.41 | 157.64 | 177.05 | OK | |
r-release-macos-arm64 | 1.1.7 | 105.00 | NOTE | |||
r-release-macos-x86_64 | 1.1.7 | 198.00 | NOTE | |||
r-release-windows-x86_64 | 1.1.7 | 38.00 | 184.00 | 222.00 | NOTE | |
r-oldrel-macos-arm64 | 1.1.7 | 72.00 | NOTE | |||
r-oldrel-macos-x86_64 | 1.1.7 | 99.00 | NOTE | |||
r-oldrel-windows-x86_64 | 1.1.7 | 34.00 | 174.00 | 208.00 | NOTE |
Version: 1.1.7
Check: installed package size
Result: NOTE
installed size is 8.4Mb
sub-directories of 1Mb or more:
doc 7.0Mb
Flavors: r-devel-linux-x86_64-fedora-clang, r-devel-windows-x86_64, r-release-macos-arm64, r-release-macos-x86_64, r-release-windows-x86_64, r-oldrel-macos-arm64, r-oldrel-macos-x86_64, r-oldrel-windows-x86_64