Last updated on 2022-05-23 23:50:13 CEST.
Flavor | Version | Tinstall | Tcheck | Ttotal | Status | Flags |
---|---|---|---|---|---|---|
r-devel-linux-x86_64-debian-clang | 1.5-32 | 32.91 | 139.88 | 172.79 | OK | |
r-devel-linux-x86_64-debian-gcc | 1.5-32 | 23.40 | 110.12 | 133.52 | OK | |
r-devel-linux-x86_64-fedora-clang | 1.5-32 | 229.86 | NOTE | |||
r-devel-linux-x86_64-fedora-gcc | 1.5-32 | 200.84 | OK | |||
r-devel-windows-x86_64 | 1.5-32 | 155.00 | 686.00 | 841.00 | NOTE | |
r-patched-linux-x86_64 | 1.5-32 | 32.34 | 134.57 | 166.91 | OK | |
r-release-linux-x86_64 | 1.5-32 | OK | ||||
r-release-macos-arm64 | 1.5-32 | 108.00 | NOTE | |||
r-release-macos-x86_64 | 1.5-32 | 40.00 | ERROR | |||
r-release-windows-x86_64 | 1.5-32 | 141.00 | 680.00 | 821.00 | NOTE | |
r-oldrel-macos-arm64 | 1.5-32 | 111.00 | NOTE | |||
r-oldrel-macos-x86_64 | 1.5-32 | 31.00 | ERROR | |||
r-oldrel-windows-ix86+x86_64 | 1.5-32 | 190.00 | 635.00 | 825.00 | NOTE |
Version: 1.5-32
Check: installed package size
Result: NOTE
installed size is 8.2Mb
sub-directories of 1Mb or more:
doc 3.7Mb
pictures 1.3Mb
Flavors: r-devel-linux-x86_64-fedora-clang, r-devel-windows-x86_64, r-release-macos-arm64, r-release-windows-x86_64, r-oldrel-macos-arm64, r-oldrel-windows-ix86+x86_64
Version: 1.5-32
Check: whether package can be installed
Result: ERROR
Installation failed.
Flavors: r-release-macos-x86_64, r-oldrel-macos-x86_64