CRAN Package Check Results for Package rgdal

Last updated on 2021-07-25 23:55:28 CEST.

Flavor Version Tinstall Tcheck Ttotal Status Flags
r-devel-linux-x86_64-debian-clang 1.5-23 46.74 138.04 184.78 OK
r-devel-linux-x86_64-debian-gcc 1.5-23 30.15 107.35 137.50 OK
r-devel-linux-x86_64-fedora-clang 1.5-23 240.27 NOTE
r-devel-windows-x86_64 1.5-23 95.00 349.00 444.00 NOTE
r-devel-windows-x86_64-gcc10-UCRT 1.5-23 OK
r-patched-linux-x86_64 1.5-23 38.08 133.97 172.05 OK
r-patched-solaris-x86 1.5-23 240.70 NOTE
r-release-linux-x86_64 1.5-23 35.16 132.67 167.83 OK
r-release-macos-arm64 1.5-23 NOTE
r-release-macos-x86_64 1.5-23 NOTE
r-release-windows-ix86+x86_64 1.5-23 150.00 545.00 695.00 NOTE
r-oldrel-macos-x86_64 1.5-23 NOTE
r-oldrel-windows-ix86+x86_64 1.5-23 124.00 606.00 730.00 NOTE

Check Details

Version: 1.5-23
Check: installed package size
Result: NOTE
     installed size is 7.9Mb
     sub-directories of 1Mb or more:
     doc 3.4Mb
     pictures 1.3Mb
Flavors: r-devel-linux-x86_64-fedora-clang, r-devel-windows-x86_64, r-patched-solaris-x86, r-release-macos-arm64, r-release-macos-x86_64, r-release-windows-ix86+x86_64, r-oldrel-macos-x86_64, r-oldrel-windows-ix86+x86_64