CRAN Package Check Results for Package rfishbase

Last updated on 2021-12-05 23:52:25 CET.

Flavor Version Tinstall Tcheck Ttotal Status Flags
r-devel-linux-x86_64-debian-clang 3.1.10 12.44 81.57 94.01 OK
r-devel-linux-x86_64-debian-gcc 3.1.10 8.84 62.66 71.50 OK
r-devel-linux-x86_64-fedora-clang 3.1.10 114.56 NOTE
r-devel-linux-x86_64-fedora-gcc 3.1.10 100.12 NOTE
r-devel-windows-x86_64-new-UL 3.1.10 30.00 130.00 160.00 OK
r-devel-windows-x86_64-new-TK 3.1.10 NOTE
r-devel-windows-x86_64-old 3.1.10 18.00 80.00 98.00 OK
r-patched-linux-x86_64 3.1.10 11.52 69.40 80.92 OK
r-release-linux-x86_64 3.1.10 11.11 76.64 87.75 OK
r-release-macos-arm64 3.1.10 NOTE
r-release-macos-x86_64 3.1.10 NOTE
r-release-windows-ix86+x86_64 3.1.10 23.00 102.00 125.00 OK
r-oldrel-macos-x86_64 3.1.10 NOTE
r-oldrel-windows-ix86+x86_64 3.1.10 23.00 105.00 128.00 OK

Check Details

Version: 3.1.10
Check: data for non-ASCII characters
Result: NOTE
     Note: found 44 marked UTF-8 strings
Flavors: r-devel-linux-x86_64-fedora-clang, r-devel-linux-x86_64-fedora-gcc, r-devel-windows-x86_64-new-TK, r-release-macos-arm64, r-release-macos-x86_64, r-oldrel-macos-x86_64