Last updated on 2023-06-07 01:03:35 CEST.
Flavor | Version | Tinstall | Tcheck | Ttotal | Status | Flags |
---|---|---|---|---|---|---|
r-devel-linux-x86_64-debian-clang | 0.3.0 | 13.66 | 668.53 | 682.19 | OK | |
r-devel-linux-x86_64-debian-gcc | 0.3.0 | 11.85 | 540.79 | 552.64 | OK | |
r-devel-linux-x86_64-fedora-clang | 0.3.0 | 852.65 | NOTE | |||
r-devel-linux-x86_64-fedora-gcc | 0.3.0 | 821.99 | NOTE | |||
r-devel-windows-x86_64 | 0.3.0 | 15.00 | 539.00 | 554.00 | OK | |
r-patched-linux-x86_64 | 0.3.0 | 9.14 | 629.15 | 638.29 | OK | |
r-release-linux-x86_64 | 0.3.0 | 9.14 | 645.89 | 655.03 | OK | |
r-release-macos-arm64 | 0.3.0 | 351.00 | OK | |||
r-release-windows-x86_64 | 0.3.0 | 20.00 | 675.00 | 695.00 | OK | |
r-oldrel-macos-arm64 | 0.3.0 | 321.00 | OK | |||
r-oldrel-macos-x86_64 | 0.3.0 | 461.00 | OK | |||
r-oldrel-windows-x86_64 | 0.3.0 | 20.00 | 669.00 | 689.00 | OK |
Version: 0.3.0
Check: data for non-ASCII characters
Result: NOTE
Note: found 806 marked UTF-8 strings
Flavors: r-devel-linux-x86_64-fedora-clang, r-devel-linux-x86_64-fedora-gcc