CRAN Package Check Results for Package retistruct

Last updated on 2021-12-04 23:50:43 CET.

Flavor Version Tinstall Tcheck Ttotal Status Flags
r-devel-linux-x86_64-debian-clang 0.6.3 28.81 139.03 167.84 NOTE
r-devel-linux-x86_64-debian-gcc 0.6.3 23.88 104.43 128.31 NOTE
r-devel-linux-x86_64-fedora-clang 0.6.3 206.29 NOTE
r-devel-linux-x86_64-fedora-gcc 0.6.3 193.19 NOTE
r-devel-windows-x86_64-new-UL 0.6.3 58.00 438.00 496.00 OK
r-devel-windows-x86_64-new-TK 0.6.3 NOTE
r-devel-windows-x86_64-old 0.6.3 47.00 124.00 171.00 OK
r-patched-linux-x86_64 0.6.3 31.86 125.35 157.21 NOTE
r-release-linux-x86_64 0.6.3 23.54 127.14 150.68 NOTE
r-release-macos-arm64 0.6.3 NOTE
r-release-macos-x86_64 0.6.3 NOTE
r-release-windows-ix86+x86_64 0.6.3 52.00 243.00 295.00 OK
r-oldrel-macos-x86_64 0.6.3 NOTE
r-oldrel-windows-ix86+x86_64 0.6.3 51.00 236.00 287.00 OK

Check Details

Version: 0.6.3
Check: package dependencies
Result: NOTE
    Package suggested but not available for checking: 'gWidgets2RGtk2'
    
    Suggests orphaned packages:
     'RGtk2' 'cairoDevice'
Flavors: r-devel-linux-x86_64-debian-clang, r-devel-linux-x86_64-debian-gcc, r-devel-linux-x86_64-fedora-clang

Version: 0.6.3
Check: dependencies in R code
Result: NOTE
    Namespace in Imports field not imported from: ‘RTriangle’
     All declared Imports should be used.
Flavors: r-devel-linux-x86_64-fedora-clang, r-devel-linux-x86_64-fedora-gcc, r-devel-windows-x86_64-new-TK, r-release-macos-arm64, r-release-macos-x86_64, r-oldrel-macos-x86_64

Version: 0.6.3
Check: package dependencies
Result: NOTE
    Package suggested but not available for checking: ‘gWidgets2RGtk2’
Flavors: r-devel-linux-x86_64-fedora-gcc, r-devel-windows-x86_64-new-TK, r-patched-linux-x86_64, r-release-linux-x86_64

Version: 0.6.3
Check: package dependencies
Result: NOTE
    Packages suggested but not available for checking:
     'gWidgets2RGtk2', 'cairoDevice', 'RGtk2'
Flavor: r-release-macos-arm64