CRAN Package Check Results for Package restoptr

Last updated on 2022-12-07 23:55:23 CET.

Flavor Version Tinstall Tcheck Ttotal Status Flags
r-devel-linux-x86_64-debian-clang 1.0.3 27.43 429.49 456.92 OK
r-devel-linux-x86_64-debian-gcc 1.0.3 23.68 316.92 340.60 OK
r-devel-linux-x86_64-fedora-clang 1.0.3 561.99 NOTE
r-devel-linux-x86_64-fedora-gcc 1.0.3 568.02 OK
r-devel-windows-x86_64 1.0.3 56.00 436.00 492.00 NOTE
r-patched-linux-x86_64 1.0.3 28.90 414.76 443.66 OK
r-release-linux-x86_64 1.0.3 24.54 414.14 438.68 OK
r-release-macos-arm64 1.0.3 133.00 NOTE
r-release-macos-x86_64 1.0.3 188.00 NOTE
r-release-windows-x86_64 1.0.3 50.00 454.00 504.00 NOTE
r-oldrel-macos-arm64 1.0.3 135.00 NOTE
r-oldrel-macos-x86_64 1.0.3 191.00 NOTE
r-oldrel-windows-ix86+x86_64 1.0.3 58.00 439.00 497.00 ERROR

Check Details

Version: 1.0.3
Check: installed package size
Result: NOTE
     installed size is 5.1Mb
     sub-directories of 1Mb or more:
     extdata 1.3Mb
     java 2.9Mb
Flavors: r-devel-linux-x86_64-fedora-clang, r-devel-windows-x86_64, r-release-macos-arm64, r-release-macos-x86_64, r-release-windows-x86_64, r-oldrel-macos-arm64, r-oldrel-macos-x86_64, r-oldrel-windows-ix86+x86_64

Version: 1.0.3
Check: PDF version of manual
Result: WARN
    LaTeX errors when creating PDF version.
    This typically indicates Rd problems.
    LaTeX errors found:
    ! Package inputenc Error: Unicode char â<c2><80><c2><91> (U+2011)
    (inputenc) not set up for use with LaTeX.
    
    See the inputenc package documentation for explanation.
    Type H <return> for immediate help.
    ! Package inputenc Error: Unicode char â<c2><80><c2><91> (U+2011)
    (inputenc) not set up for use with LaTeX.
    
    See the inputenc package documentation for explanation.
    Type H <return> for immediate help.
    ! Package inputenc Error: Unicode char â<c2><80><c2><91> (U+2011)
    (inputenc) not set up for use with LaTeX.
    
    See the inputenc package documentation for explanation.
    Type H <return> for immediate help.
    ! Package inputenc Error: Unicode char â<c2><80><c2><91> (U+2011)
    (inputenc) not set up for use with LaTeX.
    
    See the inputenc package documentation for explanation.
    Type H <return> for immediate help.
    ! Package inputenc Error: Unicode char â<c2><80><c2><91> (U+2011)
    (inputenc) not set up for use with LaTeX.
    
    See the inputenc package documentation for explanation.
    Type H <return> for immediate help.
    ! Package inputenc Error: Unicode char â<c2><80><c2><91> (U+2011)
    (inputenc) not set up for use with LaTeX.
    
    See the inputenc package documentation for explanation.
    Type H <return> for immediate help.
    ! Package inputenc Error: Unicode char â<c2><80><c2><91> (U+2011)
    (inputenc) not set up for use with LaTeX.
    
    See the inputenc package documentation for explanation.
    Type H <return> for immediate help.
Flavor: r-oldrel-windows-ix86+x86_64

Version: 1.0.3
Check: PDF version of manual without hyperrefs or index
Result: ERROR
Flavor: r-oldrel-windows-ix86+x86_64