CRAN Package Check Results for Package respirometry

Last updated on 2021-05-15 23:49:26 CEST.

Flavor Version Tinstall Tcheck Ttotal Status Flags
r-devel-linux-x86_64-debian-clang 1.3.0 7.79 64.05 71.84 NOTE
r-devel-linux-x86_64-debian-gcc 1.3.0 6.43 47.83 54.26 NOTE
r-devel-linux-x86_64-fedora-clang 1.3.0 96.06 NOTE
r-devel-linux-x86_64-fedora-gcc 1.3.0 81.83 NOTE
r-devel-windows-ix86+x86_64 1.3.0 18.00 67.00 85.00 NOTE
r-devel-windows-x86_64-gcc10-UCRT 1.3.0 NOTE
r-patched-linux-x86_64 1.3.0 7.97 60.82 68.79 NOTE
r-patched-solaris-x86 1.3.0 119.20 NOTE
r-release-linux-x86_64 1.3.0 6.40 59.31 65.71 OK
r-release-macos-x86_64 1.3.0 OK
r-release-windows-ix86+x86_64 1.3.0 12.00 85.00 97.00 OK
r-oldrel-macos-x86_64 1.3.0 OK
r-oldrel-windows-ix86+x86_64 1.3.0 15.00 75.00 90.00 OK

Check Details

Version: 1.3.0
Check: LazyData
Result: NOTE
     'LazyData' is specified without a 'data' directory
Flavors: r-devel-linux-x86_64-debian-clang, r-devel-linux-x86_64-debian-gcc, r-devel-linux-x86_64-fedora-clang, r-devel-linux-x86_64-fedora-gcc, r-devel-windows-ix86+x86_64, r-devel-windows-x86_64-gcc10-UCRT, r-patched-linux-x86_64, r-patched-solaris-x86