Last updated on 2023-02-03 23:51:46 CET.
Flavor | Version | Tinstall | Tcheck | Ttotal | Status | Flags |
---|---|---|---|---|---|---|
r-devel-linux-x86_64-debian-clang | 2.2.1 | 87.65 | 343.36 | 431.01 | NOTE | |
r-devel-linux-x86_64-debian-gcc | 2.2.1 | 67.91 | 264.06 | 331.97 | NOTE | |
r-devel-linux-x86_64-fedora-clang | 2.2.1 | 531.48 | NOTE | |||
r-devel-linux-x86_64-fedora-gcc | 2.2.1 | 552.21 | NOTE | |||
r-patched-linux-x86_64 | 2.2.1 | 75.13 | 331.61 | 406.74 | OK | |
r-release-linux-x86_64 | 2.2.1 | 63.05 | 330.41 | 393.46 | OK | |
r-release-macos-arm64 | 2.2.1 | 206.00 | NOTE | |||
r-release-macos-x86_64 | 2.2.1 | 226.00 | NOTE | |||
r-release-windows-x86_64 | 2.2.1 | 108.00 | 434.00 | 542.00 | OK | |
r-oldrel-macos-arm64 | 2.2.1 | 173.00 | NOTE | |||
r-oldrel-macos-x86_64 | 2.2.1 | 229.00 | NOTE | |||
r-oldrel-windows-ix86+x86_64 | 2.2.1 | 179.00 | 535.00 | 714.00 | NOTE |
Version: 2.2.1
Check: C++ specification
Result: NOTE
Specified C++11: please update to current default of C++17
Flavors: r-devel-linux-x86_64-debian-clang, r-devel-linux-x86_64-debian-gcc, r-devel-linux-x86_64-fedora-clang, r-devel-linux-x86_64-fedora-gcc
Version: 2.2.1
Check: installed package size
Result: NOTE
installed size is 8.8Mb
sub-directories of 1Mb or more:
doc 1.6Mb
libs 6.6Mb
Flavors: r-release-macos-arm64, r-release-macos-x86_64, r-oldrel-macos-arm64, r-oldrel-macos-x86_64, r-oldrel-windows-ix86+x86_64