CRAN Package Check Results for Package repec

Last updated on 2022-01-23 23:50:27 CET.

Flavor Version Tinstall Tcheck Ttotal Status Flags
r-devel-linux-x86_64-debian-clang 0.1.0 2.02 29.33 31.35 NOTE
r-devel-linux-x86_64-debian-gcc 0.1.0 1.45 24.86 26.31 NOTE
r-devel-linux-x86_64-fedora-clang 0.1.0 39.52 NOTE
r-devel-linux-x86_64-fedora-gcc 0.1.0 28.20 NOTE
r-devel-windows-x86_64-new-UL 0.1.0 32.00 48.00 80.00 NOTE
r-devel-windows-x86_64-new-TK 0.1.0 NOTE
r-patched-linux-x86_64 0.1.0 2.00 28.01 30.01 NOTE
r-release-linux-x86_64 0.1.0 1.81 28.25 30.06 NOTE
r-release-macos-arm64 0.1.0 NOTE
r-release-macos-x86_64 0.1.0 NOTE
r-release-windows-ix86+x86_64 0.1.0 5.00 35.00 40.00 NOTE
r-oldrel-macos-x86_64 0.1.0 OK
r-oldrel-windows-ix86+x86_64 0.1.0 6.00 37.00 43.00 OK

Check Details

Version: 0.1.0
Check: LazyData
Result: NOTE
     'LazyData' is specified without a 'data' directory
Flavors: r-devel-linux-x86_64-debian-clang, r-devel-linux-x86_64-debian-gcc, r-devel-linux-x86_64-fedora-clang, r-devel-linux-x86_64-fedora-gcc, r-devel-windows-x86_64-new-UL, r-devel-windows-x86_64-new-TK, r-patched-linux-x86_64, r-release-linux-x86_64, r-release-macos-arm64, r-release-macos-x86_64, r-release-windows-ix86+x86_64