CRAN Package Check Results for Package renv

Last updated on 2024-06-13 23:57:05 CEST.

Flavor Version Tinstall Tcheck Ttotal Status Flags
r-devel-linux-x86_64-debian-clang 1.0.7 21.26 457.64 478.90 OK
r-devel-linux-x86_64-debian-gcc 1.0.7 15.67 102.56 118.23 ERROR
r-devel-linux-x86_64-fedora-clang 1.0.7 676.29 OK
r-devel-linux-x86_64-fedora-gcc 1.0.7 682.04 OK
r-devel-windows-x86_64 1.0.7 19.00 117.00 136.00 OK
r-patched-linux-x86_64 1.0.7 20.68 450.65 471.33 OK
r-release-linux-x86_64 1.0.7 22.03 461.53 483.56 OK
r-release-macos-arm64 1.0.7 105.00 OK
r-release-macos-x86_64 1.0.7 118.00 OK
r-release-windows-x86_64 1.0.7 19.00 138.00 157.00 OK
r-oldrel-macos-arm64 1.0.7 113.00 OK
r-oldrel-macos-x86_64 1.0.7 256.00 OK
r-oldrel-windows-x86_64 1.0.7 19.00 137.00 156.00 OK

Check Details

Version: 1.0.7
Check: package dependencies
Result: NOTE Packages suggested but not available for checking: 'devtools', 'testthat', 'waldo' Flavor: r-devel-linux-x86_64-debian-gcc

Version: 1.0.7
Check: tests
Result: ERROR Running ‘testthat.R’ [0s/1s] Running the tests in ‘tests/testthat.R’ failed. Complete output: > > library(testthat) Error in library(testthat) : there is no package called 'testthat' Execution halted Flavor: r-devel-linux-x86_64-debian-gcc