CRAN Package Check Results for Package remoter

Last updated on 2021-11-28 23:50:37 CET.

Flavor Version Tinstall Tcheck Ttotal Status Flags
r-devel-linux-x86_64-debian-clang 0.4-0 NOTE
r-devel-linux-x86_64-debian-gcc 0.4-0 3.17 32.24 35.41 NOTE
r-devel-linux-x86_64-fedora-clang 0.4-0 67.92 NOTE
r-devel-linux-x86_64-fedora-gcc 0.4-0 56.97 NOTE
r-devel-windows-x86_64-new-UL 0.4-0 12.00 123.00 135.00 OK
r-devel-windows-x86_64-new-TK 0.4-0 NOTE
r-devel-windows-x86_64-old 0.4-0 6.00 72.00 78.00 OK
r-patched-linux-x86_64 0.4-0 4.29 39.32 43.61 NOTE
r-patched-solaris-x86 0.4-0 75.00 NOTE
r-release-linux-x86_64 0.4-0 4.10 38.23 42.33 NOTE
r-release-macos-arm64 0.4-0 OK
r-release-macos-x86_64 0.4-0 OK
r-release-windows-ix86+x86_64 0.4-0 8.00 57.00 65.00 OK
r-oldrel-macos-x86_64 0.4-0 OK
r-oldrel-windows-ix86+x86_64 0.4-0 6.00 71.00 77.00 OK

Check Details

Version: 0.4-0
Check: package dependencies
Result: NOTE
    Package suggested but not available for checking: 'pbdRPC'
Flavors: r-devel-linux-x86_64-debian-clang, r-devel-linux-x86_64-debian-gcc, r-devel-linux-x86_64-fedora-clang, r-devel-linux-x86_64-fedora-gcc, r-devel-windows-x86_64-new-TK, r-patched-linux-x86_64, r-patched-solaris-x86, r-release-linux-x86_64