CRAN Package Check Results for Package remote

Last updated on 2021-08-03 23:52:24 CEST.

Flavor Version Tinstall Tcheck Ttotal Status Flags
r-devel-linux-x86_64-debian-clang 1.2.1 30.81 125.80 156.61 NOTE
r-devel-linux-x86_64-debian-gcc 1.2.1 24.72 98.60 123.32 NOTE
r-devel-linux-x86_64-fedora-clang 1.2.1 204.84 NOTE
r-devel-linux-x86_64-fedora-gcc 1.2.1 192.03 NOTE
r-devel-windows-x86_64 1.2.1 33.00 167.00 200.00 OK
r-devel-windows-x86_64-gcc10-UCRT 1.2.1 OK
r-patched-linux-x86_64 1.2.1 32.26 119.75 152.01 NOTE
r-patched-solaris-x86 1.2.1 276.80 NOTE
r-release-linux-x86_64 1.2.1 27.76 118.40 146.16 NOTE
r-release-macos-arm64 1.2.1 OK
r-release-macos-x86_64 1.2.1 OK
r-release-windows-ix86+x86_64 1.2.1 80.00 179.00 259.00 OK
r-oldrel-macos-x86_64 1.2.1 OK
r-oldrel-windows-ix86+x86_64 1.2.1 58.00 236.00 294.00 OK

Check Details

Version: 1.2.1
Check: for non-standard things in the check directory
Result: NOTE
    Found the following files/directories:
     'vdendool_mode_01_int_predictor.grd'
     'vdendool_mode_01_int_predictor.gri'
     'vdendool_mode_01_int_response.grd'
     'vdendool_mode_01_int_response.gri'
     'vdendool_mode_01_p_predictor.grd' 'vdendool_mode_01_p_predictor.gri'
     'vdendool_mode_01_p_response.grd' 'vdendool_mode_01_p_response.gri'
     'vdendool_mode_01_r_predictor.grd' 'vdendool_mode_01_r_predictor.gri'
     'vdendool_mode_01_r_response.grd' 'vdendool_mode_01_r_response.gri'
     'vdendool_mode_01_resid_predictor.grd'
     'vdendool_mode_01_resid_predictor.gri'
     'vdendool_mode_01_resid_response.grd'
     'vdendool_mode_01_resid_response.gri'
     'vdendool_mode_01_rsq_predictor.grd'
     'vdendool_mode_01_rsq_predictor.gri'
     'vdendool_mode_01_rsq_response.grd'
     'vdendool_mode_01_rsq_response.gri'
     'vdendool_mode_01_rsq_sums_predictor.grd'
     'vdendool_mode_01_rsq_sums_predictor.gri'
     'vdendool_mode_01_slp_predictor.grd'
     'vdendool_mode_01_slp_predictor.gri'
     'vdendool_mode_01_slp_response.grd'
     'vdendool_mode_01_slp_response.gri'
     'vdendool_mode_02_int_predictor.grd'
     'vdendool_mode_02_int_predictor.gri'
     'vdendool_mode_02_int_response.grd'
     'vdendool_mode_02_int_response.gri'
     'vdendool_mode_02_p_predictor.grd' 'vdendool_mode_02_p_predictor.gri'
     'vdendool_mode_02_p_response.grd' 'vdendool_mode_02_p_response.gri'
     'vdendool_mode_02_r_predictor.grd' 'vdendool_mode_02_r_predictor.gri'
     'vdendool_mode_02_r_response.grd' 'vdendool_mode_02_r_response.gri'
     'vdendool_mode_02_resid_predictor.grd'
     'vdendool_mode_02_resid_predictor.gri'
     'vdendool_mode_02_resid_response.grd'
     'vdendool_mode_02_resid_response.gri'
     'vdendool_mode_02_rsq_predictor.grd'
     'vdendool_mode_02_rsq_predictor.gri'
     'vdendool_mode_02_rsq_response.grd'
     'vdendool_mode_02_rsq_response.gri'
     'vdendool_mode_02_rsq_sums_predictor.grd'
     'vdendool_mode_02_rsq_sums_predictor.gri'
     'vdendool_mode_02_slp_predictor.grd'
     'vdendool_mode_02_slp_predictor.gri'
     'vdendool_mode_02_slp_response.grd'
     'vdendool_mode_02_slp_response.gri'
Flavors: r-devel-linux-x86_64-debian-clang, r-devel-linux-x86_64-debian-gcc, r-devel-linux-x86_64-fedora-clang, r-devel-linux-x86_64-fedora-gcc, r-patched-linux-x86_64, r-patched-solaris-x86, r-release-linux-x86_64

Version: 1.2.1
Check: compiled code
Result: NOTE
    File ‘remote/libs/remote.so’:
     Found no calls to: ‘R_registerRoutines’, ‘R_useDynamicSymbols’
    
    It is good practice to register native routines and to disable symbol
    search.
    
    See ‘Writing portable packages’ in the ‘Writing R Extensions’ manual.
Flavors: r-devel-linux-x86_64-fedora-clang, r-devel-linux-x86_64-fedora-gcc