CRAN Package Check Results for Package rematch2

Last updated on 2024-07-25 00:52:07 CEST.

Flavor Version Tinstall Tcheck Ttotal Status Flags
r-devel-linux-x86_64-debian-clang 2.1.2 4.27 40.51 44.78 NOTE
r-devel-linux-x86_64-debian-gcc 2.1.2 3.53 31.09 34.62 NOTE
r-devel-linux-x86_64-fedora-clang 2.1.2 55.94 NOTE
r-devel-linux-x86_64-fedora-gcc 2.1.2 52.45 NOTE
r-devel-windows-x86_64 2.1.2 5.00 52.00 57.00 NOTE
r-patched-linux-x86_64 2.1.2 4.62 39.31 43.93 NOTE
r-release-linux-x86_64 2.1.2 4.32 39.32 43.64 NOTE
r-release-macos-arm64 2.1.2 22.00 NOTE
r-release-macos-x86_64 2.1.2 31.00 NOTE
r-release-windows-x86_64 2.1.2 5.00 50.00 55.00 NOTE
r-oldrel-macos-arm64 2.1.2 24.00 NOTE
r-oldrel-macos-x86_64 2.1.2 31.00 NOTE
r-oldrel-windows-x86_64 2.1.2 6.00 57.00 63.00 NOTE

Check Details

Version: 2.1.2
Check: LazyData
Result: NOTE 'LazyData' is specified without a 'data' directory Flavors: r-devel-linux-x86_64-debian-clang, r-devel-linux-x86_64-debian-gcc, r-devel-linux-x86_64-fedora-clang, r-devel-linux-x86_64-fedora-gcc, r-devel-windows-x86_64, r-patched-linux-x86_64, r-release-linux-x86_64, r-release-macos-arm64, r-release-macos-x86_64, r-release-windows-x86_64, r-oldrel-macos-arm64, r-oldrel-macos-x86_64, r-oldrel-windows-x86_64

Version: 2.1.2
Check: Rd cross-references
Result: NOTE Undeclared package ‘magrittr’ in Rd xrefs Flavor: r-devel-linux-x86_64-fedora-clang