CRAN Package Check Results for Package reliabilitydiag

Last updated on 2021-12-07 23:54:41 CET.

Flavor Version Tinstall Tcheck Ttotal Status Flags
r-devel-linux-x86_64-debian-clang 0.2.0 6.11 70.33 76.44 OK
r-devel-linux-x86_64-debian-gcc 0.2.0 4.68 53.34 58.02 OK
r-devel-linux-x86_64-fedora-clang 0.2.0 94.53 OK
r-devel-linux-x86_64-fedora-gcc 0.2.0 79.33 OK
r-devel-windows-x86_64-new-UL 0.2.0 14.00 99.00 113.00 OK
r-devel-windows-x86_64-new-TK 0.2.0 OK
r-devel-windows-x86_64-old 0.2.0 28.00 63.00 91.00 OK
r-patched-linux-x86_64 0.2.0 5.38 64.63 70.01 OK
r-release-linux-x86_64 0.2.0 4.87 65.30 70.17 OK
r-release-macos-arm64 0.2.0 OK
r-release-macos-x86_64 0.2.0 OK
r-release-windows-ix86+x86_64 0.2.0 10.00 314.00 324.00 OK
r-oldrel-macos-x86_64 0.2.0 ERROR
r-oldrel-windows-ix86+x86_64 0.2.0 18.00 68.00 86.00 ERROR

Check Details

Version: 0.2.0
Check: examples
Result: ERROR
    Running examples in ‘reliabilitydiag-Ex.R’ failed
    The error most likely occurred in:
    
    > ### Name: c.reliabilitydiag
    > ### Title: Combining reliability diagram objects
    > ### Aliases: c.reliabilitydiag
    >
    > ### ** Examples
    >
    > data("precip_Niamey_2016", package = "reliabilitydiag")
    >
    > X <- precip_Niamey_2016[c("EMOS", "ENS")]
    > Y <- precip_Niamey_2016$obs
    > r0 <- reliabilitydiag0(Y)
    > r1 <- c(r0, X, EPC = precip_Niamey_2016$EPC, region.level = NA)
    > r1
    'brier' score decomposition (see also ?summary.reliabilitydiag)
    # A tibble: 3 × 5
     forecast mean_score miscalibration discrimination uncertainty
     <chr> <dbl> <dbl> <dbl> <dbl>
    1 EMOS 0.232 0.0183 0.0305 0.244
    2 ENS 0.266 0.0661 0.0441 0.244
    3 EPC 0.234 0.0223 0.0323 0.244
    > c(r1, reliabilitydiag(Logistic = precip_Niamey_2016$Logistic, y = Y))
    Error in FUN(newX[, i], ...) : unused argument (simplify = FALSE)
    Calls: reliabilitydiag ... .f -> region_method -> %>% -> matrix -> unlist -> apply
    Execution halted
Flavor: r-oldrel-macos-x86_64

Version: 0.2.0
Check: examples
Result: ERROR
    Running examples in 'reliabilitydiag-Ex.R' failed
    The error most likely occurred in:
    
    > ### Name: c.reliabilitydiag
    > ### Title: Combining reliability diagram objects
    > ### Aliases: c.reliabilitydiag
    >
    > ### ** Examples
    >
    > data("precip_Niamey_2016", package = "reliabilitydiag")
    >
    > X <- precip_Niamey_2016[c("EMOS", "ENS")]
    > Y <- precip_Niamey_2016$obs
    > r0 <- reliabilitydiag0(Y)
    > r1 <- c(r0, X, EPC = precip_Niamey_2016$EPC, region.level = NA)
    > r1
    'brier' score decomposition (see also ?summary.reliabilitydiag)
    # A tibble: 3 x 5
     forecast mean_score miscalibration discrimination uncertainty
     <chr> <dbl> <dbl> <dbl> <dbl>
    1 EMOS 0.232 0.0183 0.0305 0.244
    2 ENS 0.266 0.0661 0.0441 0.244
    3 EPC 0.234 0.0223 0.0323 0.244
    > c(r1, reliabilitydiag(Logistic = precip_Niamey_2016$Logistic, y = Y))
    Error in FUN(newX[, i], ...) : unused argument (simplify = FALSE)
    Calls: reliabilitydiag ... .f -> region_method -> %>% -> matrix -> unlist -> apply
    Execution halted
Flavor: r-oldrel-windows-ix86+x86_64