CRAN Package Check Results for Package relMix

Last updated on 2021-05-16 23:47:10 CEST.

Flavor Version Tinstall Tcheck Ttotal Status Flags
r-devel-linux-x86_64-debian-clang 1.3.3 3.50 35.42 38.92 OK
r-devel-linux-x86_64-debian-gcc 1.3.3 2.68 27.96 30.64 OK
r-devel-linux-x86_64-fedora-clang 1.3.3 55.37 NOTE
r-devel-linux-x86_64-fedora-gcc 1.3.3 46.53 NOTE
r-devel-windows-ix86+x86_64 1.3.3 9.00 40.00 49.00 OK
r-devel-windows-x86_64-gcc10-UCRT 1.3.3 NOTE
r-patched-linux-x86_64 1.3.3 6.97 35.04 42.01 OK
r-patched-solaris-x86 1.3.3 72.20 NOTE
r-release-linux-x86_64 1.3.3 4.09 33.82 37.91 OK
r-release-macos-x86_64 1.3.3 NOTE
r-release-windows-ix86+x86_64 1.3.3 6.00 41.00 47.00 OK
r-oldrel-macos-x86_64 1.3.3 NOTE
r-oldrel-windows-ix86+x86_64 1.3.3 4.00 54.00 58.00 OK

Check Details

Version: 1.3.3
Check: dependencies in R code
Result: NOTE
    Namespace in Imports field not imported from: ‘gWidgets2tcltk’
     All declared Imports should be used.
Flavors: r-devel-linux-x86_64-fedora-clang, r-devel-linux-x86_64-fedora-gcc, r-devel-windows-x86_64-gcc10-UCRT, r-patched-solaris-x86, r-release-macos-x86_64

Version: 1.3.3
Check: dependencies in R code
Result: NOTE
    No protocol specified
    No protocol specified
    No protocol specified
    No protocol specified
    Namespace in Imports field not imported from: ‘gWidgets2tcltk’
     All declared Imports should be used.
Flavor: r-oldrel-macos-x86_64