CRAN Package Check Results for Package refitME

Last updated on 2021-09-24 23:54:00 CEST.

Flavor Version Tinstall Tcheck Ttotal Status Flags
r-devel-linux-x86_64-debian-clang 1.2.2 11.57 105.07 116.64 OK
r-devel-linux-x86_64-debian-gcc 1.2.2 10.58 79.78 90.36 OK
r-devel-linux-x86_64-fedora-clang 1.2.2 149.39 NOTE
r-devel-linux-x86_64-fedora-gcc 1.2.2 139.15 NOTE
r-devel-windows-x86_64 1.2.2 12.00 101.00 113.00 OK
r-devel-windows-x86_64-gcc10-UCRT 1.2.2 NOTE
r-patched-linux-x86_64 1.2.2 10.88 101.05 111.93 OK
r-patched-solaris-x86 1.2.2 216.90 NOTE
r-release-linux-x86_64 1.2.2 11.22 101.38 112.60 OK
r-release-macos-arm64 1.2.2 NOTE
r-release-macos-x86_64 1.2.2 NOTE
r-release-windows-ix86+x86_64 1.2.2 24.00 100.00 124.00 OK
r-oldrel-macos-x86_64 1.2.0 NOTE
r-oldrel-windows-ix86+x86_64 1.2.0 25.00 114.00 139.00 OK

Check Details

Version: 1.2.2
Check: dependencies in R code
Result: NOTE
    Namespaces in Imports field not imported from:
     ‘SemiPar’ ‘caret’ ‘dplyr’ ‘scales’
     All declared Imports should be used.
Flavors: r-devel-linux-x86_64-fedora-clang, r-devel-linux-x86_64-fedora-gcc, r-devel-windows-x86_64-gcc10-UCRT, r-patched-solaris-x86, r-release-macos-arm64, r-release-macos-x86_64

Version: 1.2.0
Check: dependencies in R code
Result: NOTE
    Namespaces in Imports field not imported from:
     ‘SemiPar’ ‘caret’ ‘dplyr’
     All declared Imports should be used.
Flavor: r-oldrel-macos-x86_64