CRAN Package Check Results for Package refinr

Last updated on 2023-02-06 23:55:55 CET.

Flavor Version Tinstall Tcheck Ttotal Status Flags
r-devel-linux-x86_64-debian-clang 0.3.2 48.27 37.68 85.95 NOTE
r-devel-linux-x86_64-debian-gcc 0.3.2 39.40 27.70 67.10 NOTE
r-devel-linux-x86_64-fedora-clang 0.3.2 125.66 NOTE
r-devel-linux-x86_64-fedora-gcc 0.3.2 121.55 NOTE
r-devel-windows-x86_64 0.3.2 46.00 89.00 135.00 NOTE
r-patched-linux-x86_64 0.3.2 38.13 35.54 73.67 OK
r-release-linux-x86_64 0.3.2 38.62 34.93 73.55 OK
r-release-macos-arm64 0.3.2 34.00 OK
r-release-macos-x86_64 0.3.2 49.00 OK
r-release-windows-x86_64 0.3.2 47.00 97.00 144.00 OK
r-oldrel-macos-arm64 0.3.2 32.00 OK
r-oldrel-macos-x86_64 0.3.2 49.00 OK
r-oldrel-windows-ix86+x86_64 0.3.2 116.00 93.00 209.00 OK

Check Details

Version: 0.3.2
Check: C++ specification
Result: NOTE
     Specified C++11: please update to current default of C++17
Flavors: r-devel-linux-x86_64-debian-clang, r-devel-linux-x86_64-debian-gcc, r-devel-linux-x86_64-fedora-clang, r-devel-linux-x86_64-fedora-gcc, r-devel-windows-x86_64