CRAN Package Check Results for Package redlistr

Last updated on 2021-09-23 23:50:17 CEST.

Flavor Version Tinstall Tcheck Ttotal Status Flags
r-devel-linux-x86_64-debian-clang 1.0.3 10.29 312.26 322.55 NOTE
r-devel-linux-x86_64-debian-gcc 1.0.3 8.10 143.20 151.30 NOTE
r-devel-linux-x86_64-fedora-clang 1.0.3 258.82 NOTE
r-devel-linux-x86_64-fedora-gcc 1.0.3 387.26 NOTE
r-devel-windows-x86_64 1.0.3 10.00 298.00 308.00 NOTE
r-devel-windows-x86_64-gcc10-UCRT 1.0.3 NOTE
r-patched-linux-x86_64 1.0.3 8.49 281.89 290.38 NOTE
r-patched-solaris-x86 1.0.3 164.60 NOTE
r-release-linux-x86_64 1.0.3 10.24 286.26 296.50 NOTE
r-release-macos-arm64 1.0.3 NOTE
r-release-macos-x86_64 1.0.3 NOTE
r-release-windows-ix86+x86_64 1.0.3 20.00 173.00 193.00 NOTE
r-oldrel-macos-x86_64 1.0.3 OK
r-oldrel-windows-ix86+x86_64 1.0.3 13.00 314.00 327.00 OK

Check Details

Version: 1.0.3
Check: LazyData
Result: NOTE
     'LazyData' is specified without a 'data' directory
Flavors: r-devel-linux-x86_64-debian-clang, r-devel-linux-x86_64-debian-gcc, r-devel-linux-x86_64-fedora-clang, r-devel-linux-x86_64-fedora-gcc, r-devel-windows-x86_64, r-devel-windows-x86_64-gcc10-UCRT, r-patched-linux-x86_64, r-patched-solaris-x86, r-release-linux-x86_64, r-release-macos-arm64, r-release-macos-x86_64, r-release-windows-ix86+x86_64