CRAN Package Check Results for Package recommenderlabJester

Last updated on 2021-05-11 23:50:54 CEST.

Flavor Version Tinstall Tcheck Ttotal Status Flags
r-devel-linux-x86_64-debian-clang 0.1-2 6.26 40.04 46.30 OK
r-devel-linux-x86_64-debian-gcc 0.1-2 5.95 32.27 38.22 OK
r-devel-linux-x86_64-fedora-clang 0.1-2 66.78 OK
r-devel-linux-x86_64-fedora-gcc 0.1-2 56.88 OK
r-devel-windows-ix86+x86_64 0.1-2 15.00 7.00 22.00 ERROR
r-devel-windows-x86_64-gcc10-UCRT 0.1-2 OK
r-patched-linux-x86_64 0.1-2 7.54 39.73 47.27 OK
r-patched-solaris-x86 0.1-2 86.70 OK
r-release-linux-x86_64 0.1-2 5.34 39.71 45.05 OK
r-release-macos-x86_64 0.1-2 OK
r-release-windows-ix86+x86_64 0.1-2 12.00 51.00 63.00 OK
r-oldrel-macos-x86_64 0.1-2 OK
r-oldrel-windows-ix86+x86_64 0.1-2 15.00 42.00 57.00 OK

Check Details

Version: 0.1-2
Check: whether package can be installed
Result: ERROR
    Installation failed.
    See * DONE
Flavor: r-devel-windows-ix86+x86_64