CRAN Package Check Results for Package recoder

Last updated on 2023-05-30 00:59:54 CEST.

Flavor Version Tinstall Tcheck Ttotal Status Flags
r-devel-linux-x86_64-debian-clang 0.1 3.50 29.48 32.98 OK
r-devel-linux-x86_64-debian-gcc 0.1 2.58 23.38 25.96 OK
r-devel-linux-x86_64-fedora-clang 0.1 41.04 NOTE
r-devel-linux-x86_64-fedora-gcc 0.1 39.31 OK
r-devel-windows-x86_64 0.1 4.00 50.00 54.00 OK
r-patched-linux-x86_64 0.1 2.65 29.00 31.65 OK
r-release-linux-x86_64 0.1 2.66 28.94 31.60 OK
r-release-macos-arm64 0.1 18.00 OK
r-release-macos-x86_64 0.1 23.00 OK
r-release-windows-x86_64 0.1 4.00 50.00 54.00 OK
r-oldrel-macos-arm64 0.1 14.00 OK
r-oldrel-macos-x86_64 0.1 20.00 OK
r-oldrel-windows-x86_64 0.1 4.00 53.00 57.00 OK

Check Details

Version: 0.1
Check: Rd cross-references
Result: NOTE
    Undeclared package ‘car’ in Rd xrefs
Flavor: r-devel-linux-x86_64-fedora-clang