Last updated on 2023-01-26 23:56:00 CET.
Flavor | Version | Tinstall | Tcheck | Ttotal | Status | Flags |
---|---|---|---|---|---|---|
r-devel-linux-x86_64-debian-clang | 0.1.2 | 27.63 | 77.87 | 105.50 | OK | |
r-devel-linux-x86_64-debian-gcc | 0.1.2 | 20.82 | 56.13 | 76.95 | OK | |
r-devel-linux-x86_64-fedora-clang | 0.1.2 | 142.13 | NOTE | |||
r-devel-linux-x86_64-fedora-gcc | 0.1.2 | 145.88 | NOTE | |||
r-patched-linux-x86_64 | 0.1.2 | 25.95 | 72.85 | 98.80 | OK | |
r-release-linux-x86_64 | 0.1.2 | 22.24 | 70.75 | 92.99 | OK | |
r-release-macos-arm64 | 0.1.2 | 41.00 | OK | |||
r-release-macos-x86_64 | 0.1.2 | 70.00 | OK | |||
r-release-windows-x86_64 | 0.1.2 | 42.00 | 135.00 | 177.00 | OK | |
r-oldrel-macos-arm64 | 0.1.2 | 56.00 | OK | |||
r-oldrel-macos-x86_64 | 0.1.2 | 54.00 | OK | |||
r-oldrel-windows-ix86+x86_64 | 0.1.2 | 73.00 | 139.00 | 212.00 | OK |
Version: 0.1.2
Check: C++ specification
Result: NOTE
Specified C++11: please update to current default of C++17
Flavors: r-devel-linux-x86_64-fedora-clang, r-devel-linux-x86_64-fedora-gcc