CRAN Package Check Results for Package rechonest

Last updated on 2022-01-23 23:50:27 CET.

Flavor Version Tinstall Tcheck Ttotal Status Flags
r-devel-linux-x86_64-debian-clang 1.2 3.32 41.54 44.86 NOTE
r-devel-linux-x86_64-debian-gcc 1.2 3.35 35.28 38.63 NOTE
r-devel-linux-x86_64-fedora-clang 1.2 56.83 NOTE
r-devel-linux-x86_64-fedora-gcc 1.2 44.86 NOTE
r-devel-windows-x86_64-new-UL 1.2 61.00 60.00 121.00 NOTE
r-devel-windows-x86_64-new-TK 1.2 NOTE
r-patched-linux-x86_64 1.2 3.51 40.73 44.24 NOTE
r-release-linux-x86_64 1.2 3.51 40.00 43.51 NOTE
r-release-macos-arm64 1.2 NOTE
r-release-macos-x86_64 1.2 NOTE
r-release-windows-ix86+x86_64 1.2 11.00 48.00 59.00 NOTE
r-oldrel-macos-x86_64 1.2 OK
r-oldrel-windows-ix86+x86_64 1.2 8.00 51.00 59.00 OK

Check Details

Version: 1.2
Check: LazyData
Result: NOTE
     'LazyData' is specified without a 'data' directory
Flavors: r-devel-linux-x86_64-debian-clang, r-devel-linux-x86_64-debian-gcc, r-devel-linux-x86_64-fedora-clang, r-devel-linux-x86_64-fedora-gcc, r-devel-windows-x86_64-new-UL, r-devel-windows-x86_64-new-TK, r-patched-linux-x86_64, r-release-linux-x86_64, r-release-macos-arm64, r-release-macos-x86_64, r-release-windows-ix86+x86_64