CRAN Package Check Results for Package readxl

Last updated on 2021-06-17 23:49:36 CEST.

Flavor Version Tinstall Tcheck Ttotal Status Flags
r-devel-linux-x86_64-debian-clang 1.3.1 69.23 46.50 115.73 NOTE
r-devel-linux-x86_64-debian-gcc 1.3.1 47.15 34.91 82.06 NOTE
r-devel-linux-x86_64-fedora-clang 1.3.1 166.54 NOTE
r-devel-linux-x86_64-fedora-gcc 1.3.1 141.73 NOTE
r-devel-windows-x86_64 1.3.1 83.00 83.00 166.00 NOTE
r-devel-windows-x86_64-gcc10-UCRT 1.3.1 NOTE
r-patched-linux-x86_64 1.3.1 56.68 43.83 100.51 NOTE
r-patched-solaris-x86 1.3.1 151.30 NOTE
r-release-linux-x86_64 1.3.1 57.17 44.01 101.18 NOTE
r-release-macos-arm64 1.3.1 NOTE
r-release-macos-x86_64 1.3.1 NOTE
r-release-windows-ix86+x86_64 1.3.1 156.00 105.00 261.00 NOTE
r-oldrel-macos-x86_64 1.3.1 OK
r-oldrel-windows-ix86+x86_64 1.3.1 120.00 111.00 231.00 OK

Check Details

Version: 1.3.1
Check: LazyData
Result: NOTE
     'LazyData' is specified without a 'data' directory
Flavors: r-devel-linux-x86_64-debian-clang, r-devel-linux-x86_64-debian-gcc, r-devel-linux-x86_64-fedora-clang, r-devel-linux-x86_64-fedora-gcc, r-devel-windows-x86_64, r-devel-windows-x86_64-gcc10-UCRT, r-patched-linux-x86_64, r-patched-solaris-x86, r-release-linux-x86_64, r-release-macos-arm64, r-release-macos-x86_64, r-release-windows-ix86+x86_64

Version: 1.3.1
Check: installed package size
Result: NOTE
     installed size is 5.4Mb
     sub-directories of 1Mb or more:
     libs 4.1Mb
Flavor: r-release-macos-arm64