CRAN Package Check Results for Package readthat

Last updated on 2022-01-17 23:51:34 CET.

Flavor Version Tinstall Tcheck Ttotal Status Flags
r-devel-linux-x86_64-debian-clang 0.0.1 23.84 36.22 60.06 NOTE
r-devel-linux-x86_64-debian-gcc 0.0.1 15.33 28.61 43.94 NOTE
r-devel-linux-x86_64-fedora-clang 0.0.1 85.38 NOTE
r-devel-linux-x86_64-fedora-gcc 0.0.1 65.55 NOTE
r-devel-windows-x86_64-new-UL 0.0.1 44.00 77.00 121.00 NOTE
r-devel-windows-x86_64-new-TK 0.0.1 NOTE
r-patched-linux-x86_64 0.0.1 16.54 35.67 52.21 NOTE
r-release-linux-x86_64 0.0.1 NOTE
r-release-macos-arm64 0.0.1 NOTE
r-release-macos-x86_64 0.0.1 NOTE
r-release-windows-ix86+x86_64 0.0.1 60.00 73.00 133.00 NOTE
r-oldrel-macos-x86_64 0.0.1 OK
r-oldrel-windows-ix86+x86_64 0.0.1 59.00 70.00 129.00 OK

Check Details

Version: 0.0.1
Check: LazyData
Result: NOTE
     'LazyData' is specified without a 'data' directory
Flavors: r-devel-linux-x86_64-debian-clang, r-devel-linux-x86_64-debian-gcc, r-devel-linux-x86_64-fedora-clang, r-devel-linux-x86_64-fedora-gcc, r-devel-windows-x86_64-new-UL, r-devel-windows-x86_64-new-TK, r-patched-linux-x86_64, r-release-linux-x86_64, r-release-macos-arm64, r-release-macos-x86_64, r-release-windows-ix86+x86_64