Last updated on 2023-10-04 00:58:35 CEST.
Flavor | Version | Tinstall | Tcheck | Ttotal | Status | Flags |
---|---|---|---|---|---|---|
r-devel-linux-x86_64-debian-clang | 1.0.6 | 2.52 | 30.00 | 32.52 | NOTE | |
r-devel-linux-x86_64-debian-gcc | 1.0.6 | 2.62 | 22.93 | 25.55 | NOTE | |
r-devel-linux-x86_64-fedora-clang | 1.0.6 | 40.43 | NOTE | |||
r-devel-linux-x86_64-fedora-gcc | 1.0.6 | 39.77 | NOTE | |||
r-devel-windows-x86_64 | 1.0.6 | 5.00 | 48.00 | 53.00 | OK | |
r-patched-linux-x86_64 | 1.0.6 | 3.55 | 29.22 | 32.77 | NOTE | |
r-release-linux-x86_64 | 1.0.6 | 2.50 | 29.93 | 32.43 | NOTE | |
r-release-macos-arm64 | 1.0.6 | 18.00 | OK | |||
r-release-macos-x86_64 | 1.0.6 | 24.00 | OK | |||
r-release-windows-x86_64 | 1.0.6 | 5.00 | 49.00 | 54.00 | OK | |
r-oldrel-macos-arm64 | 1.0.6 | 20.00 | OK | |||
r-oldrel-macos-x86_64 | 1.0.6 | 24.00 | OK | |||
r-oldrel-windows-x86_64 | 1.0.6 | 7.00 | 51.00 | 58.00 | OK |
Version: 1.0.6
Check: for non-standard things in the check directory
Result: NOTE
Found the following files/directories:
‘temp.txt’ ‘temp2.csv’ ‘temp3.rda’
Flavors: r-devel-linux-x86_64-debian-clang, r-devel-linux-x86_64-debian-gcc, r-devel-linux-x86_64-fedora-clang, r-devel-linux-x86_64-fedora-gcc, r-patched-linux-x86_64, r-release-linux-x86_64