CRAN Package Check Results for Package read.gt3x

Last updated on 2021-08-03 23:52:24 CEST.

Flavor Version Tinstall Tcheck Ttotal Status Flags
r-devel-linux-x86_64-debian-clang 1.0.2 31.88 74.64 106.52 NOTE
r-devel-linux-x86_64-debian-gcc 1.0.2 20.51 58.82 79.33 NOTE
r-devel-linux-x86_64-fedora-clang 1.0.2 144.08 NOTE
r-devel-linux-x86_64-fedora-gcc 1.0.2 128.77 NOTE
r-devel-windows-x86_64 1.0.2 28.00 192.00 220.00 NOTE
r-devel-windows-x86_64-gcc10-UCRT 1.0.2 NOTE
r-patched-linux-x86_64 1.0.2 25.34 73.76 99.10 NOTE
r-patched-solaris-x86 1.0.2 204.90 NOTE
r-release-linux-x86_64 1.0.2 23.09 73.55 96.64 NOTE
r-release-macos-arm64 1.0.2 NOTE
r-release-macos-x86_64 1.0.2 NOTE
r-release-windows-ix86+x86_64 1.0.2 74.00 236.00 310.00 NOTE
r-oldrel-macos-x86_64 1.0.2 OK
r-oldrel-windows-ix86+x86_64 1.0.2 57.00 214.00 271.00 OK

Check Details

Version: 1.0.2
Check: LazyData
Result: NOTE
     'LazyData' is specified without a 'data' directory
Flavors: r-devel-linux-x86_64-debian-clang, r-devel-linux-x86_64-debian-gcc, r-devel-linux-x86_64-fedora-clang, r-devel-linux-x86_64-fedora-gcc, r-devel-windows-x86_64, r-devel-windows-x86_64-gcc10-UCRT, r-patched-linux-x86_64, r-patched-solaris-x86, r-release-linux-x86_64, r-release-macos-arm64, r-release-macos-x86_64, r-release-windows-ix86+x86_64