CRAN Package Check Results for Package reactablefmtr

Last updated on 2021-05-16 23:47:10 CEST.

Flavor Version Tinstall Tcheck Ttotal Status Flags
r-devel-linux-x86_64-debian-clang 0.2.0 3.09 49.38 52.47 NOTE
r-devel-linux-x86_64-debian-gcc 0.2.0 2.37 37.44 39.81 NOTE
r-devel-linux-x86_64-fedora-clang 0.2.0 69.53 NOTE
r-devel-linux-x86_64-fedora-gcc 0.2.0 59.69 NOTE
r-devel-windows-ix86+x86_64 0.2.0 7.00 50.00 57.00 NOTE
r-devel-windows-x86_64-gcc10-UCRT 0.2.0 NOTE
r-patched-linux-x86_64 0.2.0 3.02 47.72 50.74 NOTE
r-patched-solaris-x86 0.2.0 82.70 NOTE
r-release-linux-x86_64 0.2.0 2.84 49.00 51.84 OK
r-release-macos-x86_64 0.2.0 OK
r-release-windows-ix86+x86_64 0.2.0 5.00 51.00 56.00 OK
r-oldrel-macos-x86_64 0.2.0 OK
r-oldrel-windows-ix86+x86_64 0.2.0 3.00 67.00 70.00 OK

Check Details

Version: 0.2.0
Check: LazyData
Result: NOTE
     'LazyData' is specified without a 'data' directory
Flavors: r-devel-linux-x86_64-debian-clang, r-devel-linux-x86_64-debian-gcc, r-devel-linux-x86_64-fedora-clang, r-devel-linux-x86_64-fedora-gcc, r-devel-windows-ix86+x86_64, r-devel-windows-x86_64-gcc10-UCRT, r-patched-linux-x86_64, r-patched-solaris-x86